CREATE TABLE `catalogo_categoria` (
  `InCdCategoria` int(11) NOT NULL DEFAULT '0',
  `TxDescricao` varchar(50) DEFAULT NULL,
  `InCdCategoriaPai` int(11) DEFAULT NULL,
  `DtDesativacao` date DEFAULT NULL,
  `TxTipo` varchar(1) DEFAULT 'P' NOT NULL,
  PRIMARY KEY (`InCdCategoria`)
) ENGINE=InnoDB DEFAULT CHARSET=latin1 ROW_FORMAT=REDUNDANT;

CREATE TABLE `catalogo_produto` (
  `InCdProduto` int(11) NOT NULL DEFAULT '0',
  `TxTitulo` varchar(50) DEFAULT NULL,
  `TxDescricao` text ,
  `DbValor` float(8,2) DEFAULT NULL,
  `BoDestaque` tinyint(1) DEFAULT NULL,
  `InCdCategoria` int(11) DEFAULT NULL,
  `DtCadastro` date DEFAULT NULL,
  `InCdCategoriaPai` int(11) DEFAULT NULL,
  PRIMARY KEY (`InCdProduto`)
) ENGINE=InnoDB DEFAULT CHARSET=latin1 ROW_FORMAT=REDUNDANT;

CREATE TABLE `catalogo_produto_categoria` (
  `InCdProduto` int(11) DEFAULT NULL,
  `InCdCategoria` int(11) DEFAULT NULL,
  KEY `InCdProduto` (`InCdProduto`),
  KEY `InCdCategoria` (`InCdCategoria`)
) ENGINE=InnoDB DEFAULT CHARSET=latin1 ROW_FORMAT=REDUNDANT;

CREATE TABLE `catalogo_produto_foto` (
  `InCdFoto` int(11) NOT NULL AUTO_INCREMENT,
  `InCdProduto` int(11) NOT NULL DEFAULT '0',
  `TxThumb` varchar(100) NOT NULL DEFAULT '',
  `TxTela` varchar(100) DEFAULT NULL,
  `TxLegenda` varchar(400) DEFAULT NULL,
  PRIMARY KEY (`InCdFoto`),
  KEY `InCdProduto` (`InCdProduto`)
) ENGINE=InnoDB DEFAULT CHARSET=latin1 ROW_FORMAT=REDUNDANT;

CREATE TABLE  `config` (
  `InCdIdioma` int(11) NOT NULL DEFAULT '0',
  `TxTextoTop` text,
  `TxCorTextoTop` varchar(50) DEFAULT NULL,
  `TxCorFundoTop` varchar(10) DEFAULT NULL,
  `TxCorBorda` varchar(10) DEFAULT NULL,
  `TxTamanhoBorda` float DEFAULT NULL,
 
`TxCorFundoBox` varchar(10) DEFAULT NULL,
  `TxCorFonteBox` varchar(10) DEFAULT NULL,
  `TxBullet` text,
  `TxCorFundoBarraNews` varchar(50) DEFAULT NULL,
  `TxTextoBarraNews` text,
  `TxImagemBarra` text,
  `InTemplate` int(11) DEFAULT NULL,
  `TxTextoCadastro` varchar(50) DEFAULT NULL,
  `TxTextoCadastro2` varchar(100) DEFAULT NULL,
  `InNroNoticiasPagina` int(11) DEFAULT NULL,
  `TxCorFonteBarraNews` varchar(20) DEFAULT NULL,
  `TxBarraGaleria` varchar(100) DEFAULT NULL,
  `TxPaginaNoticias` varchar(100) NOT NULL,
  `TxFontSize` int(11) DEFAULT NULL,
  `TxFontFamily` varchar(20) DEFAULT NULL,
  `BoAprovarComentario` tinyint(4) DEFAULT '1',
  `TxTituloRSS` varchar(50) DEFAULT NULL,
  `TxDescricaoRSS` varchar(300) DEFAULT NULL,
  `NrVideoColuna` int(11) DEFAULT '5',
  `NrVideoPagina` int(11) DEFAULT '20',
  PRIMARY KEY (`InCdIdioma`),
  CONSTRAINT `config_ibfk_1` FOREIGN KEY (`InCdIdioma`) REFERENCES `idioma` (`InCdIdioma`)
) ENGINE=InnoDB DEFAULT CHARSET=latin1 ROW_FORMAT=REDUNDANT;

INSERT INTO `config` VALUES (1,'Nossas notícias','#ffffff','#000066','',0,'#ffffff','#000000','{4BB4DA98-F7FD-40C3-ADBB-33BE8DBFAD3F}_ico_noticia.gif','','','logo.gif',1,'Newsletter','Assine a newsletter do nosso site',10,'',NULL,'',10,'Arial',0);
CREATE TABLE `config_coluna` (
  `InCdColuna` int(11) NOT NULL DEFAULT '0',
  `BoMostrarTitulo` int(11) DEFAULT NULL,
  `BoMostrarResumo` int(11) DEFAULT NULL,
  `BoMostrarMateria` int(11) DEFAULT NULL,
  `BoMostrarFonte` int(11) DEFAULT NULL,
  `BoMostrarFoto` int(11) DEFAULT NULL,
  `BoMostrarLinkLeia` int(11) DEFAULT NULL,
  PRIMARY KEY (`InCdColuna`)
) ENGINE=InnoDB DEFAULT CHARSET=latin1 ROW_FORMAT=REDUNDANT;

INSERT INTO `config_coluna` VALUES (1,1,1,1,0,0,0);
CREATE TABLE `config_editorias` (
  `InCdEditoria` int(11) NOT NULL DEFAULT '0',
  `InNroNoticias` int(11) DEFAULT NULL,
  `InCdIdioma` int(11) NOT NULL DEFAULT '0',
  PRIMARY KEY (`InCdEditoria`,`InCdIdioma`),
  KEY `InCdIdioma` (`InCdIdioma`)
) ENGINE=InnoDB DEFAULT CHARSET=latin1 ROW_FORMAT=REDUNDANT;

CREATE TABLE `config_news_editorias` (
  `InCdEditoria` int(11) NOT NULL DEFAULT '0',
  `InColuna` int(11) NOT NULL DEFAULT '0',
  `InNroNoticias` int(11) NOT NULL DEFAULT '0',
  PRIMARY KEY (`InCdEditoria`,`InColuna`)
) ENGINE=InnoDB DEFAULT CHARSET=latin1 ROW_FORMAT=REDUNDANT;

CREATE TABLE `css_estilo_borda` (
  `TxEstiloBorda` varchar(50) NOT NULL DEFAULT '',
  `TxDescricao` varchar(50) DEFAULT NULL,
  PRIMARY KEY (`TxEstiloBorda`)
) ENGINE=InnoDB DEFAULT CHARSET=latin1 ROW_FORMAT=REDUNDANT;

INSERT INTO `css_estilo_borda` VALUES ('dotted','Pontilhada');
INSERT INTO `css_estilo_borda` VALUES ('solid','S&oacute;lida');
CREATE TABLE `css_estilo_link` (
  `TxEstiloLink` varchar(50) NOT NULL DEFAULT '',
  `TxDescricao` varchar(50) DEFAULT NULL,
  PRIMARY KEY (`TxEstiloLink`)
) ENGINE=InnoDB DEFAULT CHARSET=latin1 ROW_FORMAT=REDUNDANT;

INSERT INTO `css_estilo_link` VALUES ('none','Nenhum');
INSERT INTO `css_estilo_link` VALUES ('underline','Sublinhado');
CREATE TABLE `css_fontes` (
  `TxFonte` varchar(50) NOT NULL DEFAULT '',
  `TxDescricao` varchar(50) DEFAULT NULL,
  PRIMARY KEY (`TxFonte`)
) ENGINE=InnoDB DEFAULT CHARSET=latin1 ROW_FORMAT=REDUNDANT;

INSERT INTO `css_fontes` VALUES ('Arial','Arial');
INSERT INTO `css_fontes` VALUES ('Tahoma','Tahoma');
INSERT INTO `css_fontes` VALUES ('Times New Roman','Times New Roman');
INSERT INTO `css_fontes` VALUES ('Verdana','Verdana');

CREATE TABLE `idioma` (
  `InCdIdioma` int(11) NOT NULL AUTO_INCREMENT,
  `TxDescricao` varchar(50) DEFAULT NULL,
  `TxIcone` varchar(50) DEFAULT NULL,
  BoPadrao tinyint(4) NULL,
  PRIMARY KEY (`InCdIdioma`)
) ENGINE=InnoDB AUTO_INCREMENT=2 DEFAULT CHARSET=latin1;

INSERT INTO `idioma` VALUES (1,'Português','imagens/Menu_idioma_Br.gif',1);
CREATE TABLE `menu_grupo` (
  `InCdMenuGrupo` int(11) NOT NULL,
  `TxDescricao` varchar(50) DEFAULT NULL,
  `BoPublico` bit(1) DEFAULT '\0',
  PRIMARY KEY (`InCdMenuGrupo`)
) ENGINE=InnoDB DEFAULT CHARSET=latin1;

INSERT INTO `menu_grupo` VALUES (1,'Geral',b'0');
INSERT INTO `menu_grupo` VALUES (2,'WebAdmin News',b'0');
INSERT INTO `menu_grupo` VALUES (3,'WebAdmin Site',b'0');
INSERT INTO `menu_grupo` VALUES (4,'WebAdmin Cat&aacute;logo',b'0');
INSERT INTO `menu_grupo` VALUES (5,'WebAdmin Agenda',b'0');
INSERT INTO `menu_grupo` VALUES (6,'WebAdmin Enquete',b'0');
INSERT INTO `menu_grupo` VALUES (7,'WebAdmin Banner',b'0');
INSERT INTO `menu_grupo` VALUES (8,'WebAdmin Blog',b'0');

CREATE TABLE `menu_item` (
  `InCdMenuItem` int(11) NOT NULL DEFAULT '0',
  `InCdMenuGrupo` int(11) DEFAULT NULL,
  `TxDescricao` varchar(50) DEFAULT NULL,
  `TxLink` varchar(100) DEFAULT NULL,
  `InCdSecao` int(11) DEFAULT NULL,
  BoOculto tinyint DEFAULT 0,
  `InOrdem` int(11) NOT NULL DEFAULT '0',
  PRIMARY KEY (`InCdMenuItem`),
  KEY `InCdMenuGrupo` (`InCdMenuGrupo`)
) ENGINE=InnoDB DEFAULT CHARSET=latin1 ROW_FORMAT=REDUNDANT;

INSERT INTO `menu_item` VALUES (1,1,'Cadastro de usu&aacute;rios','site_lista_autorizados.asp',0,0,1);
INSERT INTO `menu_item` VALUES (2,2,'Notícias','../wa_admin_news/news_lista_noticias.asp',0,0,1);
INSERT INTO `menu_item` VALUES (3,2,'Newsletters','../wa_admin_news/newsletter.asp',0,0,2);
INSERT INTO `menu_item` VALUES (4,5,'Cadastro de e-mails','../wa_admin_agenda/news_lista_usuarios.asp',0,0,1);
INSERT INTO `menu_item` VALUES (5,2,'Configura&ccedil;&atilde;o News','../wa_admin_news/parametros.asp',0,0,3);
INSERT INTO `menu_item` VALUES (6,3,'Se&ccedil;&otilde;es','../wa_admin_site/site_lista_secao.asp?InTipo=1',0,0,1);
INSERT INTO `menu_item` VALUES (7,3,'Sub-Se&ccedil;&otilde;es','../wa_admin_site/site_lista_subsecao.asp',0,0,2);
INSERT INTO `menu_item` VALUES (8,1,'Perfis de acesso','lista_perfil.asp',0,0,2);
INSERT INTO `menu_item` VALUES (10,3,'Upload de Arquivos','../wa_admin_site/site_lista_arquivo.asp',0,0,3);
INSERT INTO `menu_item` VALUES (11,3,'Configura&ccedil;&atilde;o Site','../wa_admin_site/site_configuracoes.asp',0,0,5);
INSERT INTO `menu_item` VALUES (12,2,'&Aacute;lbuns de fotos','../wa_admin_news/news_lista_galeria_foto_album.asp',0,0,4);
INSERT INTO `menu_item` VALUES (13,2,'Categorias de &aacute;lbuns de fotos','../wa_admin_news/news_lista_galeria_foto_categoria.asp',0,0,5);
INSERT INTO `menu_item` VALUES (14,2,'Tipo de Mídia','../wa_admin_news/news_lista_tipomidia.asp',0,0,6);
INSERT INTO `menu_item` VALUES (15,1,'Dados do cliente','news_minha_conta.asp',0,0,3);
INSERT INTO `menu_item` VALUES (16,5,'Cadastro de perfis','../wa_admin_agenda/news_lista_perfis.asp',0,0,2);
INSERT INTO `menu_item` VALUES (17,2,'Editorias','../wa_admin_news/news_lista_editorias.asp',0,0,7);
INSERT INTO `menu_item` VALUES (18,4,'Categorias de produtos','../wa_admin_catalogo/categoria_lista.asp?TxTipo=P',0,0,1);
INSERT INTO `menu_item` VALUES (19,4,'Produtos','../wa_admin_catalogo/produto_lista.asp',0,0,2);
INSERT INTO menu_item values (20,2,'Zonas de notícias','../wa_admin_news/news_lista_zonas.asp',0,0,8);
insert INTO menu_item values (21,1,'Cadastro de ajuda','../wa_admin/lista_help.asp',0,1,4);
insert INTO menu_item values (22,2,'Coment&aacute;rios','../wa_admin_news/news_lista_comentarios.asp',0,0,9);
insert INTO menu_item values (23,6,'Administrar enquetes','../wa_admin_enquete/admin.asp',0,0,1);
insert into menu_item values (24,7,'Administrar zonas','../BannerSys/adm/Administracao.asp?area=zonas',0,0,1);
insert into menu_item values (25,7,'Visualizar c&oacute;digos','../BannerSys/adm/Administracao.asp?area=Codigos',0,0,2);
insert into menu_item values (26,7,'Administrar faixas de horas','../BannerSys/adm/Administracao.asp?area=horas',0,0,3);
insert into menu_item values (27,7,'Administrar banners','../BannerSys/adm/Administracao.asp?area=banners',0,0,4);
insert into menu_item values (28,7,'Estat&iacute;sticas','../BannerSys/adm/Estatisticas.asp',0,0,5);
insert into menu_item values (29,1,'Log de acessos','../wa_admin/lista_log.asp',0,0,5);
insert into menu_item values (30,8,'Blogs','../wa_admin_blog/lista_blog.asp',0,0,1);
INSERT INTO `menu_item` VALUES (31,4,'Categorias de empresas','../wa_admin_catalogo/categoria_lista.asp?TxTipo=E',0,0,3);
INSERT INTO `menu_item` VALUES (32,4,'Empresas','../wa_admin_catalogo/empresa_lista.asp',0,0,4);
INSERT INTO `menu_item` VALUES (33,4,'Zonas de cat&aacute;logo','../wa_admin_catalogo/zona_lista.asp',0,0,5);
INSERT INTO `menu_item` VALUES (34,4,'Cidades','../wa_admin_catalogo/cidade_lista.asp',0,0,6);
INSERT INTO `menu_item` VALUES (35,4,'Bairros','../wa_admin_catalogo/bairro_lista.asp',0,0,7);
INSERT INTO `menu_item` VALUES (36,2,'Categorias de v&iacute;deos','../wa_admin_news/lista_video_categoria.asp',0,1,10);
INSERT INTO `menu_item` VALUES (37,2,'V&iacute;deos','../wa_admin_news/lista_video.asp',0,1,11);
INSERT INTO `menu_item` VALUES (38,3,'Categorias de Arquivos','../wa_admin_site/site_lista_arquivo_categoria.asp',0,0,4);

CREATE TABLE `news_camposnews` (
  `InCdNewsletter` int(11) NOT NULL,
  `InCdCampo` int(11) NOT NULL,
  `TxDescricao` varchar(50) DEFAULT NULL,
  PRIMARY KEY (`InCdNewsletter`,`InCdCampo`)
) ENGINE=InnoDB DEFAULT CHARSET=latin1 ROW_FORMAT=REDUNDANT;

CREATE TABLE `news_clicks` (
  `InCdNewsletter` int(11) NOT NULL DEFAULT '0',
  `InCdUsuario` int(11) NOT NULL DEFAULT '0',
  `InCdMateria` int(11) NOT NULL DEFAULT '0',
  `DtData` datetime DEFAULT NULL,
  `TxURL` text,
  PRIMARY KEY (`InCdNewsletter`,`InCdUsuario`,`InCdMateria`),
  KEY `Newsletter_3` (`InCdMateria`)
) ENGINE=InnoDB DEFAULT CHARSET=latin1 ROW_FORMAT=REDUNDANT;

CREATE TABLE `news_editorias` (
  `InCdEditoria` int(11) NOT NULL AUTO_INCREMENT,
  `TxDescricao` varchar(50) DEFAULT NULL,
  `InCdIdioma` int(11) DEFAULT NULL,
  `BoApareceHome` bit(1) DEFAULT NULL,
  PRIMARY KEY (`InCdEditoria`),
  KEY `InCdIdioma` (`InCdIdioma`)
) ENGINE=InnoDB DEFAULT CHARSET=latin1 ROW_FORMAT=REDUNDANT;

CREATE TABLE `news_enviadas` (
  `InCdNewsletter` int(11) NOT NULL,
  `DtDataEnvio` datetime DEFAULT NULL,
  `TxTexto` longtext,
  `TxAssunto` text,
  `TxTipo` varchar(1) DEFAULT NULL,
  `DtData` datetime DEFAULT NULL,
  `DtDataDescadastro` datetime DEFAULT NULL,
  PRIMARY KEY (`InCdNewsletter`)
) ENGINE=InnoDB DEFAULT CHARSET=latin1 ROW_FORMAT=REDUNDANT;

CREATE TABLE `news_materias` (
  `InCdMateria` int(11) NOT NULL,
  `TxTitulo` varchar(100),
  `TxResumo` longtext,
  `TxTexto` longtext,
  `DtData` datetime DEFAULT NULL,
  `TxFoto` varchar(50) DEFAULT NULL,
  `DtVeiculacaoINI` datetime DEFAULT NULL,
  `DtVeiculacaoFIN` datetime DEFAULT NULL,
  `TxFonte` varchar(50) DEFAULT NULL,
  `TxFonteLink` varchar(250) DEFAULT NULL,
  `InCdEditoria` int(11) DEFAULT NULL,
  `InClicks` int(11) DEFAULT NULL,
  `TxLegenda` varchar(250) DEFAULT NULL,
  `BoDestaque` int(11) DEFAULT NULL,
  `BoEnviada` int(11) NOT NULL DEFAULT '0',
  `BoRestrito` tinyint(4) DEFAULT NULL,
  `InOpcaoFoto` int(11) DEFAULT NULL,
  `TxLink` varchar(200) DEFAULT NULL,
  `TxTarget` varchar(20) DEFAULT NULL,
  `BoPublicada` tinyint(4) DEFAULT NULL,
  `InCdUsuario` int(11) DEFAULT NULL,
  TxNoticiasRelacionadas varchar(255) null,
  `TxChave` varchar(500) DEFAULT NULL,
  PRIMARY KEY (`InCdMateria`),
  KEY `InCdEditoria` (`InCdEditoria`),
  KEY `FK_news_materias_3` (`InCdUsuario`)
) ENGINE=InnoDB DEFAULT CHARSET=latin1 ROW_FORMAT=REDUNDANT;

CREATE TABLE `news_materias_foto` 
(
  `InCdFoto` int(11) NOT NULL AUTO_INCREMENT,
  
`InCdMateria` int(11) DEFAULT NULL,
  
`TxLegenda` varchar(150) DEFAULT NULL,
  
`TxTela` varchar(100) DEFAULT NULL,
  
`TxThumb` varchar(100) DEFAULT NULL,
  
PRIMARY KEY (`InCdFoto`),
  
KEY `InCdMateria` (`InCdMateria`),
  
CONSTRAINT `news_materias_foto_ibfk_1` FOREIGN KEY (`InCdMateria`) REFERENCES `news_materias` (`InCdMateria`) 
ON DELETE CASCADE ON UPDATE CASCADE
) ENGINE=InnoDB AUTO_INCREMENT=8 DEFAULT CHARSET=latin1 ROW_FORMAT=REDUNDANT;

CREATE TABLE  `news_materias_midia` 
(
  `InCdMidia` int(11) NOT NULL AUTO_INCREMENT,
  
`InCdMateria` int(11) DEFAULT NULL,
  
`InCdTipoMidia` int(11) DEFAULT NULL,
  
`TxCaminho` text,
  
`TxDescricao` varchar(250) DEFAULT NULL,
  
PRIMARY KEY (`InCdMidia`),
  
KEY `InCdMateria` (`InCdMateria`),
  
KEY `InCdTipoMidia` (`InCdTipoMidia`),
  
CONSTRAINT `news_materias_midia_ibfk_1` 
FOREIGN KEY (`InCdMateria`) REFERENCES `news_materias` (`InCdMateria`) ON DELETE CASCADE ON UPDATE CASCADE,
  
CONSTRAINT `news_materias_midia_ibfk_2` FOREIGN KEY (`InCdTipoMidia`) REFERENCES `news_materias_tipomidia` (`InCdTipoMidia`) ON DELETE CASCADE ON UPDATE CASCADE
) ENGINE=InnoDB AUTO_INCREMENT=4 DEFAULT CHARSET=latin1 ROW_FORMAT=REDUNDANT;

CREATE TABLE `news_materias_tipomidia` (
  `InCdTipoMidia` int(11) NOT NULL AUTO_INCREMENT,
  `TxDescricao` varchar(50) DEFAULT NULL,
  `TxArquivo` varchar(100) DEFAULT NULL,
  PRIMARY KEY (`InCdTipoMidia`)
) ENGINE=InnoDB DEFAULT CHARSET=latin1 ROW_FORMAT=REDUNDANT;
INSERT INTO `news_materias_tipomidia` VALUES (1,'Pdf','pdf_icon.gif');
INSERT INTO `news_materias_tipomidia` VALUES (2,'Doc','word_icon.gif');
INSERT INTO `news_materias_tipomidia` VALUES (3,'Zip','zip_icon.gif');

CREATE TABLE `news_materiasnews` (
  `InCdMateria` int(11) NOT NULL,
  `InCdNewsletter` int(11) NOT NULL,
  PRIMARY KEY (`InCdMateria`,`InCdNewsletter`),
  KEY `InCdNewsletter` (`InCdNewsletter`)
) ENGINE=InnoDB DEFAULT CHARSET=latin1 ROW_FORMAT=REDUNDANT;

CREATE TABLE `news_perfis` (
  `InCdPerfil` int(11) NOT NULL AUTO_INCREMENT,
  `TxDescricao` varchar(50) DEFAULT NULL,
  PRIMARY KEY (`InCdPerfil`)
) ENGINE=InnoDB AUTO_INCREMENT=2 DEFAULT CHARSET=latin1;

INSERT INTO `news_perfis` VALUES (1,'Geral');
CREATE TABLE `news_perfis_grupo` (
  `InCdPerfil` int(11) NOT NULL DEFAULT '0',
  `InCdMenuGrupo` int(11) NOT NULL DEFAULT '0',
  PRIMARY KEY (`InCdPerfil`,`InCdMenuGrupo`),
  KEY `InCdMenuGrupo` (`InCdMenuGrupo`)
) ENGINE=InnoDB DEFAULT CHARSET=latin1 ROW_FORMAT=REDUNDANT;

CREATE TABLE `news_perfisnews` (
  `InCdPerfil` int(11) NOT NULL,
  `InCdNewsletter` int(11) NOT NULL,
  PRIMARY KEY (`InCdPerfil`,`InCdNewsletter`),
  KEY `InCdNewsletter` (`InCdNewsletter`)
) ENGINE=InnoDB DEFAULT CHARSET=latin1 ROW_FORMAT=REDUNDANT;

CREATE TABLE `news_usuarioscampos` (
  `InCdCampo` int(11) NOT NULL,
  `TxDescricao` varchar(50) DEFAULT NULL,
  `InOrdem` int(11) DEFAULT NULL,
  `BoObrigatorio` int(11) DEFAULT NULL,
  `TxTipo` varchar(20) DEFAULT NULL,
  `BoOcultarLabel` tinyint(4) DEFAULT NULL,
  `TxCustom` varchar(50) DEFAULT NULL,
  `InTamanho` int(11) DEFAULT NULL,
  `InMaxCaracteres` int(11) DEFAULT NULL,
  PRIMARY KEY (`InCdCampo`)
) ENGINE=InnoDB DEFAULT CHARSET=latin1;

INSERT INTO `news_usuarioscampos` VALUES (1,'E-mail',1,1,NULL,NULL,NULL,NULL,NULL);
INSERT INTO `news_usuarioscampos` VALUES (2,'Nome',0,1,NULL,NULL,NULL,NULL,NULL);
CREATE TABLE `news_usuariosnews` (
  `InCdUsuario` int(11) NOT NULL,
  `InCdNewsletter` int(11) NOT NULL,
  `BolEnviada` int(11) DEFAULT NULL,
  `BolLida` int(11) DEFAULT NULL,
  `DtDataLida` datetime DEFAULT NULL,
  `DtDataEnvio` datetime DEFAULT NULL,
  PRIMARY KEY (`InCdUsuario`,`InCdNewsletter`),
  KEY `InCdNewsletter` (`InCdNewsletter`)
) ENGINE=InnoDB DEFAULT CHARSET=latin1 ROW_FORMAT=REDUNDANT;

CREATE TABLE `perfil` (
  `InCdPerfil` int(11) NOT NULL,
  `TxDescricao` varchar(50) DEFAULT NULL,
  PRIMARY KEY (`InCdPerfil`)
) ENGINE=InnoDB DEFAULT CHARSET=latin1 ROW_FORMAT=REDUNDANT;

INSERT INTO `perfil` VALUES (1,'Administrador');
INSERT INTO `perfil` VALUES (2,'Editor');
CREATE TABLE `perfil_menu_item` (
  `InCdPerfil` int(11) NOT NULL,
  `InCdMenuItem` int(11) NOT NULL,
  PRIMARY KEY (`InCdPerfil`,`InCdMenuItem`),
  KEY `InCdMenuItem` (`InCdMenuItem`)
) ENGINE=InnoDB DEFAULT CHARSET=latin1 ROW_FORMAT=REDUNDANT;

INSERT INTO `perfil_menu_item` VALUES (1,1);
INSERT INTO `perfil_menu_item` VALUES (1,2);
INSERT INTO `perfil_menu_item` VALUES (1,3);
INSERT INTO `perfil_menu_item` VALUES (1,4);
INSERT INTO `perfil_menu_item` VALUES (1,5);
INSERT INTO `perfil_menu_item` VALUES (1,6);
INSERT INTO `perfil_menu_item` VALUES (1,7);
INSERT INTO `perfil_menu_item` VALUES (1,8);
INSERT INTO `perfil_menu_item` VALUES (1,10);
INSERT INTO `perfil_menu_item` VALUES (1,11);
INSERT INTO `perfil_menu_item` VALUES (1,12);
INSERT INTO `perfil_menu_item` VALUES (1,13);
INSERT INTO `perfil_menu_item` VALUES (1,14);
INSERT INTO `perfil_menu_item` VALUES (1,15);
INSERT INTO `perfil_menu_item` VALUES (1,16);
INSERT INTO `perfil_menu_item` VALUES (1,17);
INSERT INTO `perfil_menu_item` VALUES (1,18);
INSERT INTO `perfil_menu_item` VALUES (1,19);
INSERT INTO `perfil_menu_item` VALUES (1,20);
INSERT INTO `perfil_menu_item` VALUES (1,21);
INSERT INTO `perfil_menu_item` VALUES (1,22);
INSERT INTO `perfil_menu_item` VALUES (1,23);
INSERT INTO `perfil_menu_item` VALUES (1,24);
INSERT INTO `perfil_menu_item` VALUES (1,25);
INSERT INTO `perfil_menu_item` VALUES (1,26);
INSERT INTO `perfil_menu_item` VALUES (1,27);
INSERT INTO `perfil_menu_item` VALUES (1,28);
INSERT INTO `perfil_menu_item` VALUES (1,29);
INSERT INTO `perfil_menu_item` VALUES (1,30);
INSERT INTO `perfil_menu_item` VALUES (1,31);
INSERT INTO `perfil_menu_item` VALUES (1,32);
INSERT INTO `perfil_menu_item` VALUES (1,33);
INSERT INTO `perfil_menu_item` VALUES (1,34);
INSERT INTO `perfil_menu_item` VALUES (1,35);
INSERT INTO `perfil_menu_item` VALUES (1,36);
INSERT INTO `perfil_menu_item` VALUES (1,37);
INSERT INTO `perfil_menu_item` VALUES (1,38);
INSERT INTO `perfil_menu_item` VALUES (2,2);
INSERT INTO `perfil_menu_item` VALUES (2,12);
INSERT INTO `perfil_menu_item` VALUES (2,37);

CREATE TABLE  `help` (
  `InCdMenuItem` int(11) NOT NULL,
  `TxTexto` text NOT NULL,
  `InOrdem` int(11) NOT NULL,
  `InCdHelp` int(11) NOT NULL AUTO_INCREMENT,
  PRIMARY KEY (`InCdHelp`)
) ENGINE=InnoDB AUTO_INCREMENT=4 DEFAULT CHARSET=latin1;

CREATE TABLE `site_config` (
  `InCdIdioma` int(11) NOT NULL DEFAULT '0',
  `W_TABELA_GERAL_1` varchar(50) DEFAULT NULL,
  `W_TABELA_GERAL_2` varchar(50) DEFAULT NULL,
  `B_COR` varchar(50) DEFAULT NULL,
  `B_TAMANHO` varchar(50) DEFAULT '0',
  `B_ESTILO` varchar(50) DEFAULT NULL,
  `Q0_IMAGEMFUNDO` varchar(50) DEFAULT NULL,
  `Q0_IMAGEMFUNDO_REPETIR` tinyint(4) DEFAULT NULL,
  `Q1_CORFUNDO` varchar(50) DEFAULT NULL,
  `Q1_IMAGEMFUNDO` varchar(50) DEFAULT NULL,
  `Q1_ALTURA_1` varchar(50) DEFAULT NULL,
  `Q1_ALTURA_2` varchar(50) DEFAULT NULL,
  `Q2_CORFUNDO` varchar(50) DEFAULT NULL,
  `Q2_IMAGEMFUNDO` varchar(50) DEFAULT NULL,
  `Q2_FUNDOEFEITO` varchar(50) DEFAULT NULL,
  `Q2_CORFONTE` varchar(50) DEFAULT NULL,
  `Q2_FONTFAMILY` varchar(50) DEFAULT NULL,
  `Q2_FONTSIZE` varchar(50) DEFAULT NULL,
  `Q3_ALTURA_SECAO` int DEFAULT NULL,
  `Q3_CORFUNDO` varchar(50) DEFAULT NULL,
  `Q3_LINK_COR` varchar(50) DEFAULT NULL,
  `Q3_LINK_DECOR` varchar(50) DEFAULT NULL,
  `Q3_LINKVISITED_COR` varchar(50) DEFAULT NULL,
  `Q3_LINKVISITED_DECOR` varchar(50) DEFAULT NULL,
  `Q3_LINKHOVER_COR` varchar(50) DEFAULT NULL,
  `Q3_LINKHOVER_DECOR` varchar(50) DEFAULT NULL,
  `Q3_FUNDOMENUSECAO` varchar(50) DEFAULT NULL,
  `Q3_FUNDOMENUSUBSECAO` varchar(50) DEFAULT NULL,
  `Q3_FONTEMENUSECAO_COR` varchar(50) DEFAULT NULL,
  `Q3_FONTEMENUSUBSECAO_COR` varchar(50) DEFAULT NULL,
  `Q4_CORFONTE` varchar(50) DEFAULT NULL,
  `Q4_FONTFAMILY` varchar(50) DEFAULT NULL,
  `Q4_FONTSIZE` varchar(50) DEFAULT NULL,
  `Q4_LINK_COR` varchar(50) DEFAULT NULL,
  `Q4_LINK_DECOR` varchar(50) DEFAULT NULL,
  `Q4_LINKVISITED_COR` varchar(50) DEFAULT NULL,
  `Q4_LINKVISITED_DECOR` varchar(50) DEFAULT NULL,
  `Q4_LINKHOVER_COR` varchar(50) DEFAULT NULL,
  `Q4_LINKHOVER_DECOR` varchar(50) DEFAULT NULL,
  `Q2_ALTURA_1` varchar(50) DEFAULT NULL,
  `Q2_ALTURA_2` varchar(50) DEFAULT NULL,
  `Q3_FONTFAMILY` varchar(50) DEFAULT NULL,
  `Q3_FONTSIZE` varchar(50) DEFAULT NULL,
  `Q3_FONTSIZE_2` varchar(50) DEFAULT NULL,
  `Q5_CORFUNDO` varchar(50) DEFAULT NULL,
  `Q5_IMAGEMFUNDO` varchar(50) DEFAULT NULL,
  `Q5_CORFONTE` varchar(50) DEFAULT NULL,
  `Q5_FONTFAMILY` varchar(50) DEFAULT NULL,
  `Q5_FONTSIZE` varchar(50) DEFAULT NULL,
  `Q6_CORFUNDO` varchar(50) DEFAULT NULL,
  `Q6_CORFONTE` varchar(50) DEFAULT NULL,
  `Q6_FONTFAMILY` varchar(50) DEFAULT NULL,
  `Q6_FONTSIZE` varchar(50) DEFAULT NULL,
  `Q6_ALTURA_1` varchar(50) DEFAULT NULL,
  `Q6_ALTURA_2` varchar(50) DEFAULT NULL,
  `Q6_NOME` varchar(50) DEFAULT NULL,
  `Q6_EMAIL` varchar(50) DEFAULT NULL,
  `Q5_ALTURA_1` varchar(50) DEFAULT NULL,
  `Q5_ALTURA_2` varchar(50) DEFAULT NULL,
  `Q0_METATAGS` longtext,
  `Q0_CORFUNDO` varchar(50) DEFAULT NULL,
  `Q3_LARGURA_1` varchar(50) DEFAULT NULL,
  `Q3_LARGURA_2` varchar(50) DEFAULT NULL,
  `Q3_IMAGEM_FUNDO` text,
  `Q6_IMAGEMFUNDO` text,
  `Q3_IMAGEMFUNDO` text,
  `Q2_CORFONTE2` varchar(50) DEFAULT NULL,
  `Q3_SUBSECAO_IMAGEMFUNDO` text,
  `Q3_SECAO_IMAGEMFUNDO` text,
  `Q3_FUNDODIVISORIASECAO` varchar(50) DEFAULT NULL,
  `Q3_BORDAMENUSUBSECAO_COR` varchar(50) DEFAULT NULL,
  `Q4_FLASH_IMAGEMFUNDO` varchar(200) DEFAULT NULL,
  `Q4_FLASH_W` varchar(10) DEFAULT NULL,
  `Q4_FLASH_H` varchar(10) DEFAULT NULL,
  `Q2_FUNDOEFEITO_2` varchar(10) DEFAULT NULL,
  `Q2_CORFONTE3` varchar(10) DEFAULT NULL,
  `Q2_NEGRITO_SUBSECAO` tinyint(4) DEFAULT NULL,
  `Q4_BARRA_IMAGEMFUNDO` varchar(100) DEFAULT NULL,
  `Q6_LOGOTIPO` varchar(100) DEFAULT NULL,
  `Q6_TEXTO_CENTRO` varchar(100) DEFAULT NULL,
  `Q6_TEXTO_DIREITA` varchar(100) DEFAULT NULL,
  PRIMARY KEY (`InCdIdioma`)
) ENGINE=InnoDB DEFAULT CHARSET=latin1 ROW_FORMAT=REDUNDANT;

INSERT INTO `site_config` 
(`InCdIdioma`,`W_TABELA_GERAL_1`,`W_TABELA_GERAL_2`,`B_COR`,`B_TAMANHO`,`B_ESTILO`,`Q0_IMAGEMFUNDO`,`Q0_IMAGEMFUNDO_REPETIR`,`Q1_CORFUNDO`,
`Q1_IMAGEMFUNDO`,`Q1_ALTURA_1`,`Q1_ALTURA_2`,`Q2_CORFUNDO`,`Q2_IMAGEMFUNDO`,`Q2_FUNDOEFEITO`,`Q2_CORFONTE`,`Q2_FONTFAMILY`,`Q2_FONTSIZE`,
`Q3_CORFUNDO`,`Q3_LINK_COR`,`Q3_LINK_DECOR`,`Q3_LINKVISITED_COR`,`Q3_LINKVISITED_DECOR`,`Q3_LINKHOVER_COR`,`Q3_LINKHOVER_DECOR`,
`Q3_FUNDOMENUSECAO`,`Q3_FUNDOMENUSUBSECAO`,`Q3_FONTEMENUSECAO_COR`,`Q3_FONTEMENUSUBSECAO_COR`,`Q4_CORFONTE`,`Q4_FONTFAMILY`,`Q4_FONTSIZE`,`Q4_LINK_COR`,
`Q4_LINK_DECOR`,`Q4_LINKVISITED_COR`,`Q4_LINKVISITED_DECOR`,`Q4_LINKHOVER_COR`,`Q4_LINKHOVER_DECOR`,`Q2_ALTURA_1`,`Q2_ALTURA_2`,`Q3_FONTFAMILY`,
`Q3_FONTSIZE`,`Q5_CORFUNDO`,`Q5_IMAGEMFUNDO`,`Q5_CORFONTE`,`Q5_FONTFAMILY`,`Q5_FONTSIZE`,`Q6_CORFUNDO`,`Q6_CORFONTE`,`Q6_FONTFAMILY`,`Q6_FONTSIZE`,
`Q6_ALTURA_1`,`Q6_ALTURA_2`,`Q6_NOME`,`Q6_EMAIL`,`Q5_ALTURA_1`,`Q5_ALTURA_2`,`Q0_METATAGS`,`Q0_CORFUNDO`,`Q3_LARGURA_1`,`Q3_LARGURA_2`,`Q3_IMAGEM_FUNDO`,`Q6_IMAGEMFUNDO`,`Q3_IMAGEMFUNDO`,`Q2_CORFONTE2`,
`Q3_SUBSECAO_IMAGEMFUNDO`,`Q3_SECAO_IMAGEMFUNDO`,`Q3_FUNDODIVISORIASECAO`,`Q3_BORDAMENUSUBSECAO_COR`,Q4_FLASH_IMAGEMFUNDO,`Q4_FLASH_W`,`Q4_FLASH_H`,
`Q2_FUNDOEFEITO_2`,`Q2_CORFONTE3`,`Q2_NEGRITO_SUBSECAO`,`Q4_BARRA_IMAGEMFUNDO`,`Q6_LOGOTIPO`,`Q6_TEXTO_CENTRO`,`Q6_TEXTO_DIREITA`)
VALUES (1,'778','px','#CCCCCC','1','solid','',0,'','upload/modelo5_top.jpg','100','px','#336699','upload/bg_menu.gif','#E5E5E5','#000000','Tahoma','11',
'#ffffff','','none','','none','','none',
'#ffff99','#66cc99','','#000000','#0066ff','Tahoma','11','',
'none','','none','','none','36','px','Tahoma','11','#003366',NULL,'#ffffff','Tahoma','11',
'#ffffff','#666666','Tahoma','11','50','px','Web Admin by Studio2',null,'60','px','','#666666','150','px',NULL,NULL,NULL,'#ffffff',
NULL,NULL,NULL,NULL,NULL,'','',
'#E5E5E5','#000000',0,'upload/barra.gif',null,null,null);
CREATE TABLE `site_conteudo_especial` (
  `InCdConteudoEspecial` int(11) NOT NULL AUTO_INCREMENT,
  `TxConteudo` varchar(1000) DEFAULT NULL,
  `TxDescricao` varchar(50) DEFAULT NULL,
  PRIMARY KEY (`InCdConteudoEspecial`)
) ENGINE=InnoDB AUTO_INCREMENT=8 DEFAULT CHARSET=latin1 ROW_FORMAT=REDUNDANT;

INSERT INTO `site_conteudo_especial` VALUES (1,NULL,'P&aacute;gina inicial');
INSERT INTO `site_conteudo_especial` VALUES (2,NULL,'P&aacute;gina de contato');
INSERT INTO `site_conteudo_especial` VALUES (3,NULL,'P&aacute;gina de &aacute;lbuns de fotos');
INSERT INTO `site_conteudo_especial` VALUES (4,NULL,'P&aacute;gina de not&iacute;cias');
INSERT INTO `site_conteudo_especial` VALUES (5,NULL,'P&aacute;gina de mapa do site');
INSERT INTO `site_conteudo_especial` VALUES (6,NULL,'P&aacute;gina de busca');
INSERT INTO `site_conteudo_especial` VALUES (7,'','P&aacute;gina de cat&aacute;logo de produtos');
INSERT INTO `site_conteudo_especial` VALUES (8,NULL,'P&aacute;gina de blog');
INSERT INTO `site_conteudo_especial` VALUES (9,NULL,'P&aacute;gina de cat&aacute;logo de empresas');
INSERT INTO `site_conteudo_especial` VALUES (10,NULL,'P&aacute;gina de cadastro de empresas');
INSERT INTO `site_conteudo_especial` VALUES (11,NULL,'P&aacute;gina de download de arquivos');
INSERT INTO `site_conteudo_especial` VALUES (12,NULL,'P&aacute;gina de login');
INSERT INTO `site_conteudo_especial` VALUES (13,NULL,'P&aacute;gina de vídeos');

CREATE TABLE  `news_galeria_foto` (
  `InCdFoto` int(11) NOT NULL AUTO_INCREMENT,
  `TxLegenda` longtext,
  `InCdAlbum` int(11) DEFAULT NULL,
  `TxTela` varchar(100) DEFAULT NULL,
  `TxThumb` varchar(100) DEFAULT NULL,
  `TxMedia` varchar(100) DEFAULT NULL,
  PRIMARY KEY (`InCdFoto`),
  KEY `InCdAlbum` (`InCdAlbum`),
  CONSTRAINT `news_galeria_foto_ibfk_1` FOREIGN KEY (`InCdAlbum`) REFERENCES `news_galeria_foto_album` (`InCdAlbum`) ON DELETE CASCADE ON UPDATE CASCADE
) ENGINE=InnoDB AUTO_INCREMENT=142 DEFAULT CHARSET=latin1 ROW_FORMAT=REDUNDANT;

CREATE TABLE  `news_galeria_foto_album` (
  `InCdAlbum` int(11) NOT NULL AUTO_INCREMENT,
  `TxTitulo` varchar(50) DEFAULT NULL,
  `TxDescricao` varchar(255) DEFAULT NULL,
  `DtAlbum` datetime DEFAULT NULL,
  `InCdCategoria` int(11) DEFAULT NULL,
  `BoPublicada` tinyint(4) NOT NULL DEFAULT '0',
  `InCdUsuario` int(11) NOT NULL,
  PRIMARY KEY (`InCdAlbum`),
  KEY `news_galeria_foto_album_ibfk_1` (`InCdCategoria`),
  KEY `FK_news_galeria_foto_album_2` (`InCdUsuario`),
  CONSTRAINT `FK_news_galeria_foto_album_2` FOREIGN KEY (`InCdUsuario`) REFERENCES `site_autorizados` (`InCdUsuario`) ON DELETE CASCADE ON UPDATE CASCADE,
  CONSTRAINT `news_galeria_foto_album_ibfk_1` FOREIGN KEY (`InCdCategoria`) REFERENCES `news_galeria_foto_categoria` (`InCdCategoria`) ON DELETE CASCADE ON UPDATE CASCADE
) ENGINE=InnoDB AUTO_INCREMENT=9 DEFAULT CHARSET=latin1 ROW_FORMAT=REDUNDANT;

CREATE TABLE `news_galeria_foto_categoria` (
  `InCdCategoria` int(11) NOT NULL AUTO_INCREMENT,
  `TxDescricao` varchar(50) DEFAULT NULL,
  `InCdIdioma` int(11) DEFAULT NULL,
  PRIMARY KEY (`InCdCategoria`)
) ENGINE=InnoDB DEFAULT CHARSET=latin1 ROW_FORMAT=REDUNDANT;

CREATE TABLE `site_hits` (
  `InCdHit` int(11) NOT NULL AUTO_INCREMENT,
  `TxIP` varchar(15) DEFAULT NULL,
  `DtData` datetime DEFAULT NULL,
  `InCdSecao` int(11) DEFAULT NULL,
  `InCdSubSecao` int(11) DEFAULT NULL,
  PRIMARY KEY (`InCdHit`),
  KEY `InCdSecao` (`InCdSecao`)
) ENGINE=InnoDB DEFAULT CHARSET=latin1 ROW_FORMAT=REDUNDANT;

CREATE TABLE `site_menu` (
  `InCdMenu` int(11) NOT NULL DEFAULT '0',
  `TxDescricao` varchar(50)  DEFAULT NULL,
  `BoAtivo` tinyint(1) DEFAULT NULL,
  PRIMARY KEY (`InCdMenu`)
) ENGINE=InnoDB DEFAULT CHARSET=latin1 ROW_FORMAT=REDUNDANT;

INSERT INTO `site_menu` VALUES (1,'Superior',1);
INSERT INTO `site_menu` VALUES (2,'Lateral',1);
INSERT INTO `site_menu` VALUES (3,'Rodapé',1);
CREATE TABLE `site_secao` (
  `InCdSecao` int(11) NOT NULL AUTO_INCREMENT,
  `TxConteudo` longtext,
  `TxDescricao` varchar(255) DEFAULT NULL,
  `TxMetaTag` longtext,
  `TxLink` text,
  `TxTarget` varchar(50) DEFAULT NULL,
  `InCdIdioma` int(11) DEFAULT NULL,
  `InCdConteudoEspecial` int(11) DEFAULT NULL,
  `TxAtributos` varchar(50) DEFAULT NULL,
  `BoRestrito` tinyint DEFAULT 0,
  PRIMARY KEY (`InCdSecao`),
  KEY `InCdConteudoEspecial` (`InCdConteudoEspecial`),
  KEY `InCdIdioma` (`InCdIdioma`)
) ENGINE=InnoDB DEFAULT CHARSET=latin1 ROW_FORMAT=REDUNDANT;

CREATE TABLE `site_secao_menu` (
  `InCdMenu` int(11) NOT NULL DEFAULT '0',
  `InCdSecao` int(11) NOT NULL DEFAULT '0',
  `InOrdem` int(11) DEFAULT NULL,
  PRIMARY KEY (`InCdMenu`,`InCdSecao`),
  KEY `InCdSecao` (`InCdSecao`)
) ENGINE=InnoDB DEFAULT CHARSET=latin1 ROW_FORMAT=REDUNDANT;

CREATE TABLE `site_subsecao` (
  `InCdSubSecao` int(11) NOT NULL AUTO_INCREMENT,
  `InCdSecao` int(11) DEFAULT NULL,
  `TxConteudo` longtext,
  `TxDescricao` varchar(255) DEFAULT NULL,
  `TxMetaTag` longtext,
  `InOrdem` int(11) DEFAULT NULL,
  `TxLink` text,
  `BoAtivo` tinyint(4) DEFAULT NULL,
  PRIMARY KEY (`InCdSubSecao`),
  KEY `InCdSecao` (`InCdSecao`)
) ENGINE=InnoDB DEFAULT CHARSET=latin1 ROW_FORMAT=REDUNDANT;


ALTER TABLE `catalogo_produto_categoria` ADD CONSTRAINT `FK_catalogo_produto_categoria_1` FOREIGN KEY `FK_catalogo_produto_categoria_1` (`InCdProduto`)
    REFERENCES `catalogo_produto` (`InCdProduto`)
    ON DELETE CASCADE
    ON UPDATE CASCADE,
 ADD CONSTRAINT `FK_catalogo_produto_categoria_2` FOREIGN KEY `FK_catalogo_produto_categoria_2` (`InCdCategoria`)
    REFERENCES `catalogo_categoria` (`InCdCategoria`)
    ON DELETE CASCADE
    ON UPDATE CASCADE;


ALTER TABLE `catalogo_produto_foto`
ADD CONSTRAINT `catalogo_produto_foto_ibfk_1` FOREIGN KEY (`InCdProduto`) REFERENCES `catalogo_produto` (`InCdProduto`);

ALTER TABLE `config`
ADD CONSTRAINT `config_ibfk_1` FOREIGN KEY (`InCdIdioma`) REFERENCES `idioma` (`InCdIdioma`);

ALTER TABLE `config_editorias`
ADD CONSTRAINT `config_editorias_ibfk_1` FOREIGN KEY (`InCdEditoria`) REFERENCES `news_editorias` (`InCdEditoria`) ON DELETE CASCADE,
ADD CONSTRAINT `config_editorias_ibfk_2` FOREIGN KEY (`InCdIdioma`) REFERENCES `idioma` (`InCdIdioma`) ON DELETE CASCADE;

ALTER TABLE `config_news_editorias`
ADD CONSTRAINT `config_news_editorias_ibfk_1` FOREIGN KEY (`InCdEditoria`) REFERENCES `news_editorias` (`InCdEditoria`) ON DELETE CASCADE;

ALTER TABLE `menu_item`
ADD CONSTRAINT `menu_item_ibfk_1` FOREIGN KEY (`InCdMenuGrupo`) REFERENCES `menu_grupo` (`InCdMenuGrupo`) ON DELETE CASCADE;

ALTER TABLE `news_camposnews`
ADD CONSTRAINT `news_camposnews_ibfk_1` FOREIGN KEY (`InCdNewsletter`) REFERENCES `news_enviadas` (`InCdNewsletter`) ON DELETE CASCADE ON UPDATE CASCADE;

ALTER TABLE `news_clicks`
ADD CONSTRAINT `news_clicks_ibfk_1` FOREIGN KEY (`InCdNewsletter`) REFERENCES `news_enviadas` (`InCdNewsletter`) ON DELETE CASCADE ON UPDATE CASCADE;

ALTER TABLE `news_editorias`
ADD CONSTRAINT `news_editorias_ibfk_1` FOREIGN KEY (`InCdIdioma`) REFERENCES `idioma` (`InCdIdioma`);

ALTER TABLE `news_materias`
ADD CONSTRAINT `FK_news_materias_3` FOREIGN KEY (`InCdUsuario`) REFERENCES `site_autorizados` (`InCdUsuario`),
ADD CONSTRAINT `news_materias_ibfk_1` FOREIGN KEY (`InCdEditoria`) REFERENCES `news_editorias` (`InCdEditoria`),
ADD CONSTRAINT `news_materias_ibfk_2` FOREIGN KEY (`InCdEditoria`) REFERENCES `news_editorias` (`InCdEditoria`);

ALTER TABLE `news_materiasnews`
ADD CONSTRAINT `news_materiasnews_ibfk_1` FOREIGN KEY (`InCdMateria`) REFERENCES `news_materias` (`InCdMateria`) ON DELETE CASCADE ON UPDATE CASCADE,
ADD CONSTRAINT `news_materiasnews_ibfk_2` FOREIGN KEY (`InCdNewsletter`) REFERENCES `news_enviadas` (`InCdNewsletter`) ON DELETE CASCADE ON UPDATE CASCADE;

ALTER TABLE `news_perfis_grupo`
ADD CONSTRAINT `news_perfis_grupo_ibfk_1` FOREIGN KEY (`InCdMenuGrupo`) REFERENCES `menu_grupo` (`InCdMenuGrupo`),
ADD CONSTRAINT `news_perfis_grupo_ibfk_2` FOREIGN KEY (`InCdPerfil`) REFERENCES `news_perfis` (`InCdPerfil`);

ALTER TABLE `news_perfisnews`
ADD CONSTRAINT `news_perfisnews_ibfk_1` FOREIGN KEY (`InCdPerfil`) REFERENCES `news_perfis` (`InCdPerfil`) ON DELETE CASCADE ON UPDATE CASCADE,
ADD CONSTRAINT `news_perfisnews_ibfk_2` FOREIGN KEY (`InCdNewsletter`) REFERENCES `news_enviadas` (`InCdNewsletter`) ON DELETE CASCADE ON UPDATE CASCADE;

ALTER TABLE `news_usuariosnews`
ADD CONSTRAINT `news_usuariosnews_ibfk_1` FOREIGN KEY (`InCdUsuario`) REFERENCES `news_usuarios` (`InCdUsuario`) ON DELETE CASCADE ON UPDATE CASCADE,
ADD CONSTRAINT `news_usuariosnews_ibfk_2` FOREIGN KEY (`InCdNewsletter`) REFERENCES `news_enviadas` (`InCdNewsletter`) ON DELETE CASCADE ON UPDATE CASCADE;

ALTER TABLE `perfil_menu_item`
ADD CONSTRAINT `perfil_menu_item_ibfk_1` FOREIGN KEY (`InCdMenuItem`) REFERENCES `menu_item` (`InCdMenuItem`) ON DELETE CASCADE,
ADD CONSTRAINT `perfil_menu_item_ibfk_2` FOREIGN KEY (`InCdPerfil`) REFERENCES `perfil` (`InCdPerfil`) ON DELETE CASCADE;

ALTER TABLE `site_config`
ADD CONSTRAINT `site_config_ibfk_1` FOREIGN KEY (`InCdIdioma`) REFERENCES `idioma` (`InCdIdioma`) ON DELETE CASCADE;

ALTER TABLE `news_galeria_foto_album`
ADD CONSTRAINT `news_galeria_foto_album_ibfk_1` FOREIGN KEY (`InCdCategoria`) REFERENCES `news_galeria_foto_categoria` (`InCdCategoria`);

ALTER TABLE `news_galeria_foto_categoria`
ADD CONSTRAINT `news_galeria_foto_cat_ibfk_1` FOREIGN KEY (`InCdIdioma`) REFERENCES `idioma` (`InCdIdioma`);

ALTER TABLE `site_secao`
ADD CONSTRAINT `site_secao_ibfk_1` FOREIGN KEY (`InCdIdioma`) REFERENCES `idioma` (`InCdIdioma`),
ADD CONSTRAINT `site_secao_ibfk_2` FOREIGN KEY (`InCdConteudoEspecial`) REFERENCES `site_conteudo_especial` (`InCdConteudoEspecial`);

ALTER TABLE `site_secao_menu`
ADD CONSTRAINT `site_secao_menu_ibfk_1` FOREIGN KEY (`InCdSecao`) REFERENCES `site_secao` (`InCdSecao`),
ADD CONSTRAINT `site_secao_menu_ibfk_2` FOREIGN KEY (`InCdMenu`) REFERENCES `site_menu` (`InCdMenu`);

ALTER TABLE `site_subsecao`
ADD CONSTRAINT `site_subsecao_ibfk_1` FOREIGN KEY (`InCdSecao`) REFERENCES `site_secao` (`InCdSecao`);

CREATE TABLE  `news_zonas` (
  `InCdZona` int(11) NOT NULL AUTO_INCREMENT,
  `TxDescricao` varchar(50) NOT NULL,
  `NrNoticias` int(11) NOT NULL DEFAULT '1',
  `NrColunas` int(11) NOT NULL DEFAULT '1',
  `BoDestaque` tinyint(4) DEFAULT NULL,
  `BoFoto` tinyint(4) DEFAULT NULL,
  `BoMostraResumo` tinyint(4) DEFAULT NULL,
  `BoMostraEditoria` tinyint(4) DEFAULT NULL,
  `BoMostraTitulo` tinyint(4) DEFAULT NULL,
  `BoMostraData` tinyint(4) DEFAULT NULL,
  `BoMostraFoto` tinyint(4) DEFAULT NULL,
  `BoMostraTexto` tinyint(4) DEFAULT NULL,
  `BoLinkAdicional` tinyint(4) DEFAULT NULL,
  `TxLinkAdicional` varchar(200) DEFAULT NULL,
  `TxPosicaoFoto` varchar(50) DEFAULT NULL,
  `TxPosicaoSecao` varchar(50) DEFAULT NULL,
  `TxMarcadorSecao` varchar(50) DEFAULT NULL,
  `BoAtiva` tinyint(4) NOT NULL DEFAULT '0',
  `InCdIdioma` int(11) NOT NULL,
  `TxCorBorda` varchar(10) NOT NULL,
  `BoBordaEsquerda` tinyint(4) NOT NULL DEFAULT '0',
  `BoBordaDireita` tinyint(4) NOT NULL DEFAULT '0',
  `BoBordaCima` tinyint(4) NOT NULL DEFAULT '0',
  `BoBordaBaixo` tinyint(4) NOT NULL DEFAULT '0',
  `NrTamBorda` int(11) NOT NULL DEFAULT '1',
  `BoBorda` tinyint(4) NOT NULL DEFAULT '0',
  `NrPadding` int(11) NOT NULL,
  `NrSpacing` int(11) NOT NULL,
  `InLarguraFoto` int(11) NULL,
  `InAlturaFoto` int(11) NULL,
  `TxFontFamilyEditoria` varchar(50) DEFAULT NULL,
  `InFontSizeEditoria` int(11) NULL,
  `TxColorEditoria` varchar(10) DEFAULT NULL,
`TxFontFamilyTitulo` varchar(50) DEFAULT NULL,
  `InFontSizeTitulo` int(11) NULL,
  `TxColorTitulo` varchar(10) DEFAULT NULL,
`TxFontFamilyResumo` varchar(50) DEFAULT NULL,
  `InFontSizeResumo` int(11) NULL,
  `TxColorResumo` varchar(10) DEFAULT NULL,
`TxFontFamilyData` varchar(50) DEFAULT NULL,
  `InFontSizeData` int(11) NULL,
  `TxColorData` varchar(10) DEFAULT NULL,
`TxFontFamilyTexto` varchar(50) DEFAULT NULL,
  `InFontSizeTexto` int(11) NULL,
  `TxColorTexto` varchar(10) DEFAULT NULL,
`TxOrdem` varchar(50) DEFAULT NULL,
  PRIMARY KEY (`InCdZona`),
  KEY `FK_news_zonas_1` (`InCdIdioma`),
  CONSTRAINT `FK_news_zonas_1` FOREIGN KEY (`InCdIdioma`) REFERENCES `idioma` (`InCdIdioma`)
) ENGINE=InnoDB DEFAULT CHARSET=latin1;

CREATE TABLE  `news_zonas_editoria` (
  `InCdZona` int(11) NOT NULL,
  `InCdEditoria` int(11) NOT NULL,
  PRIMARY KEY (`InCdZona`,`InCdEditoria`),
  KEY `FK_news_zonas_editoria_2` (`InCdEditoria`),
  CONSTRAINT `FK_news_zonas_editoria_1` FOREIGN KEY (`InCdZona`) REFERENCES `news_zonas` (`InCdZona`) ON DELETE CASCADE ON UPDATE CASCADE,
  CONSTRAINT `FK_news_zonas_editoria_2` FOREIGN KEY (`InCdEditoria`) REFERENCES `news_editorias` (`InCdEditoria`) ON DELETE CASCADE ON UPDATE CASCADE
) ENGINE=InnoDB DEFAULT CHARSET=latin1;

CREATE TABLE  `news_zonas_secao` (
  `InCdZona` int(11) NOT NULL,
  `InCdSecao` int(11) NOT NULL,
  PRIMARY KEY (`InCdZona`,`InCdSecao`),
  KEY `FK_news_zonas_secao_2` (`InCdSecao`),
  CONSTRAINT `FK_news_zonas_secao_1` FOREIGN KEY (`InCdZona`) REFERENCES `news_zonas` (`InCdZona`) ON DELETE CASCADE ON UPDATE CASCADE,
  CONSTRAINT `FK_news_zonas_secao_2` FOREIGN KEY (`InCdSecao`) REFERENCES `site_secao` (`InCdSecao`) ON DELETE CASCADE ON UPDATE CASCADE
) ENGINE=InnoDB DEFAULT CHARSET=latin1;

CREATE TABLE  `news_zonas_subsecao` (
  `InCdZona` int(11) NOT NULL,
  `InCdSubSecao` int(11) NOT NULL,
  PRIMARY KEY (`InCdZona`,`InCdSubSecao`),
  KEY `FK_news_zonas_subsecao_1` (`InCdSubSecao`),
  CONSTRAINT `FK_news_zonas_subsecao_1` FOREIGN KEY (`InCdSubSecao`) REFERENCES `site_subsecao` (`InCdSubSecao`) ON DELETE CASCADE ON UPDATE CASCADE,
  CONSTRAINT `FK_news_zonas_subsecao_2` FOREIGN KEY (`InCdZona`) REFERENCES `news_zonas` (`InCdZona`) ON DELETE CASCADE ON UPDATE CASCADE
) ENGINE=InnoDB DEFAULT CHARSET=latin1;

CREATE TABLE  `blog` (
  `InCdBlog` int(11) NOT NULL,
  `TxTitulo` varchar(50) NOT NULL,
  `TxDescricao` varchar(250) DEFAULT NULL,
  `TxImagem` varchar(100) DEFAULT NULL,
  `InNrGaleria` int(11) DEFAULT NULL,
  `InNrMateria` int(11) DEFAULT NULL,
  `InCdIdioma` int(11) DEFAULT NULL,
  `TxConteudoBarra` text,
  PRIMARY KEY (`InCdBlog`),
  KEY `FK_blog_1` (`InCdIdioma`),
  CONSTRAINT `FK_blog_1` FOREIGN KEY (`InCdIdioma`) REFERENCES `idioma` (`InCdIdioma`) ON DELETE SET NULL ON UPDATE SET NULL
) ENGINE=InnoDB DEFAULT CHARSET=latin1;

CREATE TABLE  `blog_categoria` (
  `InCdCategoria` int(11) NOT NULL,
  `InCdBlog` int(11) NOT NULL,
  PRIMARY KEY (`InCdCategoria`,`InCdBlog`),
  KEY `FK_news_blog_categoria_1` (`InCdBlog`),
  CONSTRAINT `FK_news_blog_categoria_1` FOREIGN KEY (`InCdBlog`) REFERENCES `blog` (`InCdBlog`) ON DELETE CASCADE ON UPDATE CASCADE,
  CONSTRAINT `FK_news_blog_categoria_2` FOREIGN KEY (`InCdCategoria`) REFERENCES `news_galeria_foto_categoria` (`InCdCategoria`) ON DELETE CASCADE ON UPDATE CASCADE
) ENGINE=InnoDB DEFAULT CHARSET=latin1;

CREATE TABLE  `blog_editoria` (
  `InCdEditoria` int(11) NOT NULL,
  `InCdBlog` int(11) NOT NULL,
  PRIMARY KEY (`InCdEditoria`,`InCdBlog`),
  KEY `FK_news_blog_editoria_2` (`InCdBlog`),
  CONSTRAINT `FK_news_blog_editoria_1` FOREIGN KEY (`InCdEditoria`) REFERENCES `news_editorias` (`InCdEditoria`) ON DELETE CASCADE ON UPDATE CASCADE,
  CONSTRAINT `FK_news_blog_editoria_2` FOREIGN KEY (`InCdBlog`) REFERENCES `blog` (`InCdBlog`) ON DELETE CASCADE ON UPDATE CASCADE
) ENGINE=InnoDB DEFAULT CHARSET=latin1;

CREATE TABLE `news_galeria_foto_categoria_usuario` (
  `InCdCategoria` int(11) NOT NULL,
  `InCdUsuario` int(11) NOT NULL,
  PRIMARY KEY (`InCdCategoria`,`InCdUsuario`),
  KEY `FK_news_galeria_foto_categoria_usuario_2` (`InCdUsuario`),
  CONSTRAINT `FK_news_galeria_foto_categoria_usuario_1` FOREIGN KEY (`InCdCategoria`) REFERENCES `news_galeria_foto_categoria` (`InCdCategoria`) ON DELETE CASCADE ON UPDATE CASCADE,
  CONSTRAINT `FK_news_galeria_foto_categoria_usuario_2` FOREIGN KEY (`InCdUsuario`) REFERENCES `site_autorizados` (`InCdUsuario`) ON DELETE CASCADE ON UPDATE CASCADE
) ENGINE=InnoDB DEFAULT CHARSET=latin1;


CREATE TABLE  `news_editorias_usuario` (
  
	`InCdEditoria` int(11) NOT NULL,
  
	`InCdUsuario` int(11) NOT NULL,
  
	PRIMARY KEY (`InCdEditoria`,`InCdUsuario`),
  
	KEY `FK_New Table_1` (`InCdUsuario`),
  
	CONSTRAINT `FK_New Table_1` FOREIGN KEY (`InCdUsuario`) REFERENCES `site_autorizados` (`InCdUsuario`) 
	ON DELETE CASCADE ON UPDATE CASCADE,
  
	CONSTRAINT `FK_New Table_2` FOREIGN KEY (`InCdEditoria`) REFERENCES `news_editorias` (`InCdEditoria`) 
	ON DELETE CASCADE ON UPDATE CASCADE
) ENGINE=InnoDB DEFAULT CHARSET=latin1;

CREATE TABLE  `news_comentarios` (
  `InCdComentario` int(11) NOT NULL,
  `TxNome` varchar(100) NOT NULL,
  `TxEmail` varchar(50) NOT NULL,
  `TxComentario` varchar(1000) NOT NULL,
  `BoAprovado` tinyint(4) NOT NULL,
  `DtComentario` datetime NOT NULL,
  `InCdMateria` int(11) DEFAULT NULL,
  `InCdVideo` int(11) DEFAULT NULL,
  PRIMARY KEY (`InCdComentario`),
  KEY `FK_news_comentarios_1` (`InCdMateria`),
  KEY `FK_news_comentarios_2` (`InCdVideo`),
  CONSTRAINT `FK_news_comentarios_2` FOREIGN KEY (`InCdVideo`) REFERENCES `video` (`InCdVideo`),
  CONSTRAINT `FK_news_comentarios_1` FOREIGN KEY (`InCdMateria`) REFERENCES `news_materias` (`InCdMateria`) ON DELETE CASCADE ON UPDATE CASCADE
) ENGINE=InnoDB DEFAULT CHARSET=latin1;

CREATE TABLE  `enquete_pergunta` (
  `ID_enquete` int(10) NOT NULL,
  `data` datetime DEFAULT NULL,
  `pergunta` varchar(255) DEFAULT NULL,
  PRIMARY KEY (`ID_enquete`),
  KEY `ID_enquete` (`ID_enquete`)
) ENGINE=InnoDB DEFAULT CHARSET=latin1;
CREATE TABLE  `enquete_respostas` (
  `ID_resposta` int(10) NOT NULL,
  `ID_enquete` int(10) DEFAULT NULL,
  `hits` int(10) DEFAULT NULL,
  `respostas` varchar(255) DEFAULT NULL,
  PRIMARY KEY (`ID_resposta`),
  KEY `enquete_perguntaenquete_respost` (`ID_enquete`),
  KEY `ID_enquete` (`ID_enquete`),
  KEY `ID_resposta` (`ID_resposta`)
) ENGINE=InnoDB DEFAULT CHARSET=latin1;

CREATE TABLE  `anos` (
  `BannerId` int(10) DEFAULT NULL,
  `Ano` int(10) DEFAULT NULL,
  `Views` int(10) DEFAULT NULL,
  `Cliques` int(10) DEFAULT NULL,
  KEY `BannerId` (`BannerId`)
) ENGINE=InnoDB DEFAULT CHARSET=latin1;

CREATE TABLE  `banners` (
  `ID` int(10) NOT NULL AUTO_INCREMENT,
  `Nome` varchar(30) DEFAULT NULL,
  `Formato` int(10) DEFAULT NULL,
  `src` varchar(150) DEFAULT NULL,
  `Width` int(10) DEFAULT NULL,
  `Height` int(10) DEFAULT NULL,
  `IdHorario` int(10) DEFAULT NULL,
  `HTML` longtext,
  `MaxCliques` int(10) DEFAULT NULL,
  `MaxViews` int(10) DEFAULT NULL,
  `Cliques` int(10) DEFAULT NULL,
  `Views` int(10) DEFAULT NULL,
  `Link` varchar(150) DEFAULT NULL,
  `Target` int(10) DEFAULT NULL,
  PRIMARY KEY (`ID`),
  KEY `ID` (`ID`),
  KEY `IdHorario` (`IdHorario`)
) ENGINE=InnoDB AUTO_INCREMENT=24 DEFAULT CHARSET=latin1;

CREATE TABLE  `banners2zonas` (
  `bannerid` int(10) DEFAULT NULL,
  `zonaid` int(10) DEFAULT NULL,
  `nomebanner` varchar(50) DEFAULT NULL,
  `IdHorario` int(10) DEFAULT NULL,
  `DDD` int(10) DEFAULT NULL,
  KEY `bannerid` (`bannerid`),
  KEY `IdHorario` (`IdHorario`),
  KEY `zonaid` (`zonaid`)
) ENGINE=InnoDB DEFAULT CHARSET=latin1;

CREATE TABLE  `cliques` (
  `bannerid` int(10) DEFAULT NULL,
  `data` varchar(50) DEFAULT NULL,
  `rfer` varchar(100) DEFAULT NULL,
  `IP` varchar(20) DEFAULT NULL,
  `Idioma` varchar(10) DEFAULT NULL,
  KEY `bannerid` (`bannerid`),
  KEY `Idioma` (`Idioma`)
) ENGINE=InnoDB DEFAULT CHARSET=latin1;

CREATE TABLE  `dias` (
  `bannerid` int(10) DEFAULT NULL,
  `Dia` int(10) DEFAULT NULL,
  `Views` int(10) DEFAULT NULL,
  `Cliques` int(10) DEFAULT NULL,
  KEY `bannerid` (`bannerid`)
) ENGINE=InnoDB DEFAULT CHARSET=latin1;

CREATE TABLE  `horas` (
  `id` int(10) NOT NULL AUTO_INCREMENT,
  `Nome` varchar(50) DEFAULT NULL,
  `Inicio` int(10) DEFAULT NULL,
  `Fim` int(10) DEFAULT NULL,
  `OInicio` varchar(50) DEFAULT NULL,
  `OFim` varchar(50) DEFAULT NULL,
  PRIMARY KEY (`id`),
  KEY `id` (`id`)
) ENGINE=InnoDB DEFAULT CHARSET=latin1;

CREATE TABLE  `horas_stats` (
  `bannerid` int(10) DEFAULT NULL,
  `Hora` int(10) DEFAULT NULL,
  `Views` int(10) DEFAULT NULL,
  `Cliques` int(10) DEFAULT NULL,
  KEY `bannerid` (`bannerid`)
) ENGINE=InnoDB DEFAULT CHARSET=latin1;

CREATE TABLE  `ip` (
  `IP` varchar(50) DEFAULT NULL,
  `id` int(10) DEFAULT NULL,
  `Hora` int(10) DEFAULT NULL,
  KEY `id` (`id`)
) ENGINE=InnoDB DEFAULT CHARSET=latin1;

CREATE TABLE  `meses` (
  `bannerid` int(10) DEFAULT NULL,
  `Mes` int(10) DEFAULT NULL,
  `Views` int(10) DEFAULT NULL,
  `Cliques` int(10) DEFAULT NULL,
  KEY `bannerid` (`bannerid`)
) ENGINE=InnoDB DEFAULT CHARSET=latin1;

CREATE TABLE  `sbanners` (
  `BannerToShow` int(10) DEFAULT NULL,
  `IdHorario` int(10) DEFAULT NULL,
  `IdZona` int(10) DEFAULT NULL,
  KEY `IdHorario` (`IdHorario`),
  KEY `IdZona` (`IdZona`)
) ENGINE=InnoDB DEFAULT CHARSET=latin1;

CREATE TABLE  `zonas` (
  `id` int(10) NOT NULL AUTO_INCREMENT,
  `Nome` varchar(50) DEFAULT NULL,
  PRIMARY KEY (`id`),
  KEY `id` (`id`)
) ENGINE=InnoDB AUTO_INCREMENT=16 DEFAULT CHARSET=latin1;

CREATE TABLE  `log` (
  `InCdLog` int(11) NOT NULL AUTO_INCREMENT,
  `TxIP` varchar(50) NOT NULL,
  `TxEmail` varchar(100) NOT NULL,
  `DtData` datetime NOT NULL,
  `BoBloqueado` tinyint(1) NOT NULL DEFAULT '0',
  PRIMARY KEY (`InCdLog`),
  KEY `FK_log_1` (`TxEmail`) USING BTREE
) ENGINE=InnoDB AUTO_INCREMENT=4 DEFAULT CHARSET=latin1;

CREATE TABLE  `log_menu_item` (
  `InCdLog` int(11) NOT NULL,
  `InCdMenuItem` int(11) NOT NULL,
  `BoBloqueado` tinyint(1) NOT NULL DEFAULT '0',
  PRIMARY KEY (`InCdMenuItem`,`InCdLog`),
  CONSTRAINT `FK_log_menu_item_1 ` FOREIGN KEY (`InCdMenuItem`) REFERENCES `menu_item` (`InCdMenuItem`) ON DELETE CASCADE ON UPDATE CASCADE
) ENGINE=InnoDB DEFAULT CHARSET=latin1;

CREATE TABLE  `catalogo_zonas` (
  `InCdZona` int(11) NOT NULL AUTO_INCREMENT,
  `TxDescricao` varchar(50) NOT NULL,
  `NrLinhas` int(11) NOT NULL DEFAULT '1',
  `NrColunas` int(11) NOT NULL DEFAULT '1',
  `NrLargura` int(11) NOT NULL DEFAULT '400',
  `BoMostraResumo` tinyint(4) DEFAULT NULL,
  `BoMostraTitulo` tinyint(4) DEFAULT NULL,
  `BoMostraTexto` tinyint(4) DEFAULT NULL,
  `BoMostraFoto` tinyint(4) DEFAULT NULL,
  `BoMostraCategoria` tinyint(4) DEFAULT NULL,
  `BoDestaque` tinyint(1) DEFAULT NULL,
  `BoLinkAdicional` tinyint(4) DEFAULT NULL,
  `TxLinkAdicional` varchar(200) DEFAULT NULL,
  `TxPosicaoFoto` varchar(50) DEFAULT NULL,
  `TxPosicaoSecao` varchar(50) DEFAULT NULL,
  `TxMarcadorSecao` varchar(50) DEFAULT NULL,
  `BoAtiva` tinyint(4) NOT NULL DEFAULT '0',
  `InCdIdioma` int(11) NOT NULL,
  `TxCorBorda` varchar(10) NOT NULL,
  `BoBordaEsquerda` tinyint(4) NOT NULL DEFAULT '0',
  `BoBordaDireita` tinyint(4) NOT NULL DEFAULT '0',
  `BoBordaCima` tinyint(4) NOT NULL DEFAULT '0',
  `BoBordaBaixo` tinyint(4) NOT NULL DEFAULT '0',
  `NrTamBorda` int(11) NOT NULL DEFAULT '1',
  `BoBorda` tinyint(4) NOT NULL DEFAULT '0',
  `NrPadding` int(11) NOT NULL,
  `NrSpacing` int(11) NOT NULL,
  `InLarguraFoto` int(11) DEFAULT NULL,
  `InAlturaFoto` int(11) DEFAULT NULL,
    `TxFontFamilyCategoria` varchar(50) DEFAULT NULL,
  `InFontSizeCategoria` int(11) DEFAULT NULL,
  `TxColorCategoria` varchar(10) DEFAULT NULL,
  `TxFontFamilyTitulo` varchar(50) DEFAULT NULL,
  `InFontSizeTitulo` int(11) DEFAULT NULL,
  `TxColorTitulo` varchar(10) DEFAULT NULL,
  `TxFontFamilyResumo` varchar(50) DEFAULT NULL,
  `InFontSizeResumo` int(11) DEFAULT NULL,
  `TxColorResumo` varchar(10) DEFAULT NULL,
  `TxColorTabOn` varchar(10) DEFAULT NULL,
  `TxColorTabOff` varchar(10) DEFAULT NULL,
  `TxColorBox` varchar(10) DEFAULT NULL,
  `TxTipo` varchar(1) DEFAULT 'E',
`TxFontFamilyTexto` varchar(50) DEFAULT NULL,
  `InFontSizeTexto` int(11) DEFAULT NULL,
  `TxColorTexto` varchar(10) DEFAULT NULL,
  PRIMARY KEY (`InCdZona`),
  KEY `FK_catalogo_zonas_1` (`InCdIdioma`),
  CONSTRAINT `FK_catalogo_zonas_1` FOREIGN KEY (`InCdIdioma`) REFERENCES `idioma` (`InCdIdioma`)
) ENGINE=InnoDB AUTO_INCREMENT=3 DEFAULT CHARSET=latin1;

CREATE TABLE  `catalogo_zonas_subsecao` (
  `InCdZona` int(11) NOT NULL,
  `InCdSubSecao` int(11) NOT NULL,
  PRIMARY KEY (`InCdZona`,`InCdSubSecao`),
  KEY `FK_catalogo_zonas_subsecao_1` (`InCdSubSecao`),
  CONSTRAINT `FK_catalogo_zonas_subsecao_2` FOREIGN KEY (`InCdSubSecao`) REFERENCES `site_subsecao` (`InCdSubSecao`) ON DELETE CASCADE ON UPDATE CASCADE,
  CONSTRAINT `FK_catalogo_zonas_subsecao_3` FOREIGN KEY (`InCdZona`) REFERENCES `catalogo_zonas` (`InCdZona`) ON DELETE CASCADE ON UPDATE CASCADE
) ENGINE=InnoDB DEFAULT CHARSET=latin1;

CREATE TABLE  `catalogo_zonas_secao` (
  `InCdZona` int(11) NOT NULL,
  `InCdSecao` int(11) NOT NULL,
  PRIMARY KEY (`InCdZona`,`InCdSecao`),
  KEY `FK_catalogo_zonas_secao_1` (`InCdSecao`),
  CONSTRAINT `FK_catalogo_zonas_secao_2` FOREIGN KEY (`InCdZona`) REFERENCES `catalogo_zonas` (`InCdZona`) ON DELETE CASCADE ON UPDATE CASCADE,
  CONSTRAINT `FK_catalogo_zonas_secao_3` FOREIGN KEY (`InCdSecao`) REFERENCES `site_secao` (`InCdSecao`) ON DELETE CASCADE ON UPDATE CASCADE
) ENGINE=InnoDB DEFAULT CHARSET=latin1;

CREATE TABLE  `catalogo_zonas_categoria` (
  `InCdZona` int(11) NOT NULL,
  `InCdCategoria` int(11) NOT NULL,
  PRIMARY KEY (`InCdZona`,`InCdCategoria`),
  KEY `FK_catalogo_zonas_InCdCategoria_1` (`InCdCategoria`),
  CONSTRAINT `FK_catalogo_zonas_InCdCategoria_2` FOREIGN KEY (`InCdZona`) REFERENCES `catalogo_zonas` (`InCdZona`) ON DELETE CASCADE ON UPDATE CASCADE,
  CONSTRAINT `FK_catalogo_zonas_InCdCategoria_3` FOREIGN KEY (`InCdCategoria`) REFERENCES `catalogo_categoria` (`InCdCategoria`) ON DELETE CASCADE ON UPDATE CASCADE
) ENGINE=InnoDB DEFAULT CHARSET=latin1;

CREATE TABLE `estados` (
  `InCdEstado` int(11) NOT NULL DEFAULT '0',
  `TxSigla` varchar(50) DEFAULT NULL,
  `TxDescricao` varchar(35) DEFAULT NULL,
  `InOrdem` int(11) DEFAULT NULL,
  PRIMARY KEY (`InCdEstado`)
) ENGINE=InnoDB DEFAULT CHARSET=latin1 ROW_FORMAT=REDUNDANT;

INSERT INTO `estados` VALUES (1,'AC','ACRE',1);
INSERT INTO `estados` VALUES (2,'AL','ALAGOAS',1);
INSERT INTO `estados` VALUES (3,'AM','AMAZONAS',1);
INSERT INTO `estados` VALUES (4,'AP','AMAPA',1);
INSERT INTO `estados` VALUES (5,'BA','BAHIA',1);
INSERT INTO `estados` VALUES (6,'CE','CEARA',1);
INSERT INTO `estados` VALUES (7,'DF','DISTRITO FEDERAL',1);
INSERT INTO `estados` VALUES (8,'ES','ESPIRITO SANTO',1);
INSERT INTO `estados` VALUES (9,'GO','GOIAS',1);
INSERT INTO `estados` VALUES (10,'MA','MARANHAO',1);
INSERT INTO `estados` VALUES (11,'MG','MINAS GERAIS',1);
INSERT INTO `estados` VALUES (12,'MS','MATO DO GROSSO DO SUL',1);
INSERT INTO `estados` VALUES (13,'MT','MATO GROSSO',1);
INSERT INTO `estados` VALUES (14,'PA','PARA',1);
INSERT INTO `estados` VALUES (15,'PB','PARAIBA',1);
INSERT INTO `estados` VALUES (16,'PE','PERNAMBUCO',1);
INSERT INTO `estados` VALUES (17,'PI','PIAUI',1);
INSERT INTO `estados` VALUES (18,'PR','PARANA',1);
INSERT INTO `estados` VALUES (19,'RJ','RIO DE JANEIRO',1);
INSERT INTO `estados` VALUES (20,'RN','RIO GRANDE DO NORTE',1);
INSERT INTO `estados` VALUES (21,'RO','RONDONIA',1);
INSERT INTO `estados` VALUES (22,'RR','RORAIMA',1);
INSERT INTO `estados` VALUES (23,'RS','RIO GRANDE DO SUL',0);
INSERT INTO `estados` VALUES (24,'SC','SANTA CATARINA',1);
INSERT INTO `estados` VALUES (25,'SE','SERGIPE',1);
INSERT INTO `estados` VALUES (26,'SP','SAO PAULO',1);
INSERT INTO `estados` VALUES (27,'TO','TOCANTINS',1);

CREATE TABLE  `cidade` (
  `InCdCidade` int(11) NOT NULL AUTO_INCREMENT,
  `TxDescricao` varchar(100) NOT NULL,
  `InCdEstado` int(11) NOT NULL,
  PRIMARY KEY (`InCdCidade`),
  KEY `FK_cidade_1` (`InCdEstado`),
  CONSTRAINT `FK_cidade_1` FOREIGN KEY (`InCdEstado`) REFERENCES `estados` (`InCdEstado`) ON DELETE CASCADE ON UPDATE CASCADE
) ENGINE=InnoDB DEFAULT CHARSET=latin1;

CREATE TABLE  `bairro` (
  `InCdBairro` int(11) NOT NULL AUTO_INCREMENT,
  `TxDescricao` varchar(100) NOT NULL,
  `InCdCidade` int(11) NOT NULL,
  PRIMARY KEY (`InCdBairro`),
  KEY `FK_bairro_1` (`InCdCidade`),
  CONSTRAINT `FK_bairro_1` FOREIGN KEY (`InCdCidade`) REFERENCES `cidade` (`InCdCidade`) ON DELETE CASCADE ON UPDATE CASCADE
) ENGINE=InnoDB DEFAULT CHARSET=latin1;

CREATE TABLE  `catalogo_empresa` (
  `InCdEmpresa` int(11) NOT NULL,
  `TxTitulo` varchar(100) NOT NULL,
  `TxEndereco` varchar(250) DEFAULT NULL,
  `InCdBairro` int(11) DEFAULT NULL,
  `TxTelefone` varchar(100) DEFAULT NULL,
  `TxDescricao` varchar(1000) DEFAULT NULL,
  `TxFoto` varchar(100) DEFAULT NULL,
  `InCdCategoria` int(11) NOT NULL,
  `InCdCategoriaPai` int(11) NOT NULL,
  `DtCadastro` datetime DEFAULT NULL,
  `TxEmail` varchar(100) DEFAULT NULL,
  `TxSite` varchar(100) NOT NULL,
  `BoDestaque` tinyint(4) NOT NULL DEFAULT '0',
  `TxChave` varchar(1100) DEFAULT NULL,
  `BoPublicado` tinyint(4) NOT NULL DEFAULT '0',
  PRIMARY KEY (`InCdEmpresa`),
  KEY `FK_catalogo_empresa_1` (`InCdBairro`) USING BTREE,
  CONSTRAINT `FK_catalogo_empresa_1` FOREIGN KEY (`InCdBairro`) REFERENCES `bairro` (`InCdBairro`)
) ENGINE=InnoDB DEFAULT CHARSET=latin1;

CREATE TABLE `catalogo_empresa_categoria` (
  `InCdEmpresa` int(11) DEFAULT NULL,
  `InCdCategoria` int(11) DEFAULT NULL,
  KEY `InCdEmpresa` (`InCdEmpresa`),
  KEY `InCdCategoria` (`InCdCategoria`),
  CONSTRAINT `FK_catalogo_empresa_categoria_1` FOREIGN KEY (`InCdEmpresa`) REFERENCES `catalogo_empresa` (`InCdEmpresa`) ON DELETE CASCADE ON UPDATE CASCADE,
  CONSTRAINT `FK_catalogo_empresa_categoria_2` FOREIGN KEY (`InCdCategoria`) REFERENCES `catalogo_categoria` (`InCdCategoria`) ON DELETE CASCADE ON UPDATE CASCADE
) ENGINE=InnoDB DEFAULT CHARSET=latin1 ROW_FORMAT=REDUNDANT;

CREATE TABLE  `video` (
  `InCdVideo` int(11) NOT NULL AUTO_INCREMENT,
  `TxTitulo` varchar(200) COLLATE latin1_general_ci NOT NULL,
  `DtRegistro` datetime NOT NULL,
  `InCdUsuario` int(11) NOT NULL,
  `InCdCategoria` int(11) NOT NULL,
  `TxURL` varchar(500) COLLATE latin1_general_ci NOT NULL,
  `BoPublicada` tinyint(4) DEFAULT NULL,
  `TxDescricao` varchar(500) COLLATE latin1_general_ci DEFAULT NULL,
  `InViews` int(11) NOT NULL DEFAULT '0',
  `TxTags` varchar(500) COLLATE latin1_general_ci DEFAULT NULL,
  PRIMARY KEY (`InCdVideo`),
  KEY `FK_video_1` (`InCdUsuario`),
  KEY `FK_video_2` (`InCdCategoria`),
  CONSTRAINT `FK_video_1` FOREIGN KEY (`InCdUsuario`) REFERENCES `site_autorizados` (`InCdUsuario`),
  CONSTRAINT `FK_video_2` FOREIGN KEY (`InCdCategoria`) REFERENCES `video_categoria` (`InCdCategoria`)
) ENGINE=InnoDB AUTO_INCREMENT=2 DEFAULT CHARSET=latin1 COLLATE=latin1_general_ci;

CREATE TABLE  `video_categoria` (
  `InCdCategoria` int(11) NOT NULL AUTO_INCREMENT,
  `TxDescricao` varchar(255) COLLATE latin1_general_ci NOT NULL,
  `InCdIdioma` int(11) NOT NULL,
  PRIMARY KEY (`InCdCategoria`),
  KEY `FK_video_categoria_1` (`InCdIdioma`),
  CONSTRAINT `FK_video_categoria_1` FOREIGN KEY (`InCdIdioma`) REFERENCES `idioma` (`InCdIdioma`)
) ENGINE=InnoDB AUTO_INCREMENT=3 DEFAULT CHARSET=latin1 COLLATE=latin1_general_ci;

CREATE TABLE  `video_categoria_usuario` (
  `InCdCategoria` int(11) NOT NULL,
  `InCdUsuario` int(11) NOT NULL,
  PRIMARY KEY (`InCdCategoria`,`InCdUsuario`),
  KEY `FK_video_categoria_usuario_2` (`InCdUsuario`),
  CONSTRAINT `FK_video_categoria_usuario_1` FOREIGN KEY (`InCdCategoria`) REFERENCES `video_categoria` (`InCdCategoria`) ON DELETE CASCADE ON UPDATE CASCADE,
  CONSTRAINT `FK_video_categoria_usuario_2` FOREIGN KEY (`InCdUsuario`) REFERENCES `site_autorizados` (`InCdUsuario`) ON DELETE CASCADE ON UPDATE CASCADE
) ENGINE=InnoDB DEFAULT CHARSET=latin1;

CREATE TABLE  `site_arquivo_categoria` (
  `InCdCategoria` int(11) NOT NULL AUTO_INCREMENT,
  `TxDescricao` varchar(50) COLLATE latin1_general_ci NOT NULL,
  `InCdIdioma` int(11) NOT NULL,
  PRIMARY KEY (`InCdCategoria`),
  KEY `FK_site_arquivo_categoria_1` (`InCdIdioma`),
  CONSTRAINT `FK_site_arquivo_categoria_1` FOREIGN KEY (`InCdIdioma`) REFERENCES `idioma` (`InCdIdioma`)
) ENGINE=InnoDB AUTO_INCREMENT=2 DEFAULT CHARSET=latin1 COLLATE=latin1_general_ci;

CREATE TABLE  `site_arquivo` (
  `InCdArquivo` int(11) NOT NULL AUTO_INCREMENT,
  `TxDescricao` varchar(250) CHARACTER SET latin1 DEFAULT NULL,
  `TxArquivo` varchar(250) CHARACTER SET latin1 DEFAULT NULL,
  `DtCriacao` datetime NOT NULL,
  `DtAtualizacao` datetime NOT NULL,
  `InTamanho` decimal(7,2) DEFAULT NULL,
  `InCdCategoria` int(11) DEFAULT NULL,
  PRIMARY KEY (`InCdArquivo`),
  KEY `FK_site_arquivo_1` (`InCdCategoria`),
  CONSTRAINT `FK_site_arquivo_1` FOREIGN KEY (`InCdCategoria`) REFERENCES `site_arquivo_categoria` (`InCdCategoria`)
) ENGINE=InnoDB AUTO_INCREMENT=32 DEFAULT CHARSET=latin1 COLLATE=latin1_general_ci PACK_KEYS=0;

CREATE TABLE  `site_arquivo_usuario` (
  `InCdArquivo` int(11) NOT NULL,
  `InCdUsuario` int(11) NOT NULL,
  PRIMARY KEY (`InCdArquivo`,`InCdUsuario`),
  KEY `FK_site_a` (`InCdUsuario`),
  CONSTRAINT `FK_site_arquivo_usuario_1` FOREIGN KEY (`InCdArquivo`) REFERENCES `site_arquivo` (`InCdArquivo`)
) ENGINE=InnoDB DEFAULT CHARSET=latin1 COLLATE=latin1_general_ci;