-- http://www.phpmyadmin.net
--
-- Servidor: mysql02.coelho4.hospedagemdesites.ws
-- Tempo de Geração: 07/10/2013 às 23:45:09
-- Versão do Servidor: 5.1.54
-- Versão do PHP: 5.3.3-7+squeeze17




--
-- Banco de Dados: `coelho4`
--

-- --------------------------------------------------------

--
-- Estrutura da tabela `anos`
--

CREATE TABLE IF NOT EXISTS `anos` (
  `BannerId` int(10) DEFAULT NULL,
  `Ano` int(10) DEFAULT NULL,
  `Views` int(10) DEFAULT NULL,
  `Cliques` int(10) DEFAULT NULL,
  KEY `BannerId` (`BannerId`)
) ENGINE=InnoDB DEFAULT CHARSET=latin1;

-- --------------------------------------------------------

--
-- Estrutura da tabela `bairro`
--

CREATE TABLE IF NOT EXISTS `bairro` (
  `InCdBairro` int(11) NOT NULL AUTO_INCREMENT,
  `TxDescricao` varchar(100) NOT NULL,
  `InCdCidade` int(11) NOT NULL,
  PRIMARY KEY (`InCdBairro`),
  KEY `FK_bairro_1` (`InCdCidade`)
) ENGINE=InnoDB DEFAULT CHARSET=latin1 AUTO_INCREMENT=1 ;

-- --------------------------------------------------------

--
-- Estrutura da tabela `banners`
--

CREATE TABLE IF NOT EXISTS `banners` (
  `ID` int(10) NOT NULL AUTO_INCREMENT,
  `Nome` varchar(30) DEFAULT NULL,
  `Formato` int(10) DEFAULT NULL,
  `src` varchar(150) DEFAULT NULL,
  `Width` int(10) DEFAULT NULL,
  `Height` int(10) DEFAULT NULL,
  `IdHorario` int(10) DEFAULT NULL,
  `HTML` longtext,
  `MaxCliques` int(10) DEFAULT NULL,
  `MaxViews` int(10) DEFAULT NULL,
  `Cliques` int(10) DEFAULT NULL,
  `Views` int(10) DEFAULT NULL,
  `Link` varchar(150) DEFAULT NULL,
  `Target` int(10) DEFAULT NULL,
  PRIMARY KEY (`ID`),
  KEY `ID` (`ID`),
  KEY `IdHorario` (`IdHorario`)
) ENGINE=InnoDB DEFAULT CHARSET=latin1 AUTO_INCREMENT=1 ;

-- --------------------------------------------------------

--
-- Estrutura da tabela `banners2zonas`
--

CREATE TABLE IF NOT EXISTS `banners2zonas` (
  `bannerid` int(10) DEFAULT NULL,
  `zonaid` int(10) DEFAULT NULL,
  `nomebanner` varchar(50) DEFAULT NULL,
  `IdHorario` int(10) DEFAULT NULL,
  `DDD` int(10) DEFAULT NULL,
  KEY `bannerid` (`bannerid`),
  KEY `IdHorario` (`IdHorario`),
  KEY `zonaid` (`zonaid`)
) ENGINE=InnoDB DEFAULT CHARSET=latin1;

-- --------------------------------------------------------

--
-- Estrutura da tabela `blog`
--

CREATE TABLE IF NOT EXISTS `blog` (
  `InCdBlog` int(11) NOT NULL,
  `TxTitulo` varchar(50) NOT NULL,
  `TxDescricao` varchar(250) DEFAULT NULL,
  `TxImagem` varchar(100) DEFAULT NULL,
  `InNrGaleria` int(11) DEFAULT NULL,
  `InNrMateria` int(11) DEFAULT NULL,
  `InCdIdioma` int(11) DEFAULT NULL,
  `TxConteudoBarra` text,
  PRIMARY KEY (`InCdBlog`),
  KEY `FK_blog_1` (`InCdIdioma`)
) ENGINE=InnoDB DEFAULT CHARSET=latin1;

-- --------------------------------------------------------

--
-- Estrutura da tabela `blog_categoria`
--

CREATE TABLE IF NOT EXISTS `blog_categoria` (
  `InCdCategoria` int(11) NOT NULL,
  `InCdBlog` int(11) NOT NULL,
  PRIMARY KEY (`InCdCategoria`,`InCdBlog`),
  KEY `FK_news_blog_categoria_1` (`InCdBlog`)
) ENGINE=InnoDB DEFAULT CHARSET=latin1;

-- --------------------------------------------------------

--
-- Estrutura da tabela `blog_editoria`
--

CREATE TABLE IF NOT EXISTS `blog_editoria` (
  `InCdEditoria` int(11) NOT NULL,
  `InCdBlog` int(11) NOT NULL,
  PRIMARY KEY (`InCdEditoria`,`InCdBlog`),
  KEY `FK_news_blog_editoria_2` (`InCdBlog`)
) ENGINE=InnoDB DEFAULT CHARSET=latin1;

-- --------------------------------------------------------

--
-- Estrutura da tabela `catalogo_categoria`
--

CREATE TABLE IF NOT EXISTS `catalogo_categoria` (
  `InCdCategoria` int(11) NOT NULL DEFAULT '0',
  `TxDescricao` varchar(50) DEFAULT NULL,
  `InCdCategoriaPai` int(11) DEFAULT NULL,
  `DtDesativacao` date DEFAULT NULL,
  `TxTipo` varchar(1) NOT NULL DEFAULT 'P',
  PRIMARY KEY (`InCdCategoria`)
) ENGINE=InnoDB DEFAULT CHARSET=latin1 ROW_FORMAT=REDUNDANT;

-- --------------------------------------------------------

--
-- Estrutura da tabela `catalogo_empresa`
--

CREATE TABLE IF NOT EXISTS `catalogo_empresa` (
  `InCdEmpresa` int(11) NOT NULL,
  `TxTitulo` varchar(100) NOT NULL,
  `TxEndereco` varchar(250) DEFAULT NULL,
  `InCdBairro` int(11) DEFAULT NULL,
  `TxTelefone` varchar(100) DEFAULT NULL,
  `TxDescricao` varchar(1000) DEFAULT NULL,
  `TxFoto` varchar(100) DEFAULT NULL,
  `InCdCategoria` int(11) NOT NULL,
  `InCdCategoriaPai` int(11) NOT NULL,
  `DtCadastro` datetime DEFAULT NULL,
  `TxEmail` varchar(100) DEFAULT NULL,
  `TxSite` varchar(100) NOT NULL,
  `BoDestaque` tinyint(4) NOT NULL DEFAULT '0',
  `TxChave` varchar(1100) DEFAULT NULL,
  `BoPublicado` tinyint(4) NOT NULL DEFAULT '0',
  PRIMARY KEY (`InCdEmpresa`),
  KEY `FK_catalogo_empresa_1` (`InCdBairro`) USING BTREE
) ENGINE=InnoDB DEFAULT CHARSET=latin1;

-- --------------------------------------------------------

--
-- Estrutura da tabela `catalogo_empresa_categoria`
--

CREATE TABLE IF NOT EXISTS `catalogo_empresa_categoria` (
  `InCdEmpresa` int(11) DEFAULT NULL,
  `InCdCategoria` int(11) DEFAULT NULL,
  KEY `InCdEmpresa` (`InCdEmpresa`),
  KEY `InCdCategoria` (`InCdCategoria`)
) ENGINE=InnoDB DEFAULT CHARSET=latin1 ROW_FORMAT=REDUNDANT;

-- --------------------------------------------------------

--
-- Estrutura da tabela `catalogo_produto`
--

CREATE TABLE IF NOT EXISTS `catalogo_produto` (
  `InCdProduto` int(11) NOT NULL DEFAULT '0',
  `TxTitulo` varchar(50) DEFAULT NULL,
  `TxDescricao` text,
  `DbValor` float(8,2) DEFAULT NULL,
  `BoDestaque` tinyint(1) DEFAULT NULL,
  `InCdCategoria` int(11) DEFAULT NULL,
  `DtCadastro` date DEFAULT NULL,
  `InCdCategoriaPai` int(11) DEFAULT NULL,
  PRIMARY KEY (`InCdProduto`)
) ENGINE=InnoDB DEFAULT CHARSET=latin1 ROW_FORMAT=REDUNDANT;

-- --------------------------------------------------------

--
-- Estrutura da tabela `catalogo_produto_categoria`
--

CREATE TABLE IF NOT EXISTS `catalogo_produto_categoria` (
  `InCdProduto` int(11) DEFAULT NULL,
  `InCdCategoria` int(11) DEFAULT NULL,
  KEY `InCdProduto` (`InCdProduto`),
  KEY `InCdCategoria` (`InCdCategoria`)
) ENGINE=InnoDB DEFAULT CHARSET=latin1 ROW_FORMAT=REDUNDANT;

-- --------------------------------------------------------

--
-- Estrutura da tabela `catalogo_produto_foto`
--

CREATE TABLE IF NOT EXISTS `catalogo_produto_foto` (
  `InCdFoto` int(11) NOT NULL AUTO_INCREMENT,
  `InCdProduto` int(11) NOT NULL DEFAULT '0',
  `TxThumb` varchar(100) NOT NULL DEFAULT '',
  `TxTela` varchar(100) DEFAULT NULL,
  `TxLegenda` varchar(400) DEFAULT NULL,
  PRIMARY KEY (`InCdFoto`),
  KEY `InCdProduto` (`InCdProduto`)
) ENGINE=InnoDB DEFAULT CHARSET=latin1 ROW_FORMAT=REDUNDANT AUTO_INCREMENT=1 ;

-- --------------------------------------------------------

--
-- Estrutura da tabela `catalogo_zonas`
--

CREATE TABLE IF NOT EXISTS `catalogo_zonas` (
  `InCdZona` int(11) NOT NULL AUTO_INCREMENT,
  `TxDescricao` varchar(50) NOT NULL,
  `NrLinhas` int(11) NOT NULL DEFAULT '1',
  `NrColunas` int(11) NOT NULL DEFAULT '1',
  `NrLargura` int(11) NOT NULL DEFAULT '400',
  `BoMostraResumo` tinyint(4) DEFAULT NULL,
  `BoMostraTitulo` tinyint(4) DEFAULT NULL,
  `BoMostraTexto` tinyint(4) DEFAULT NULL,
  `BoMostraFoto` tinyint(4) DEFAULT NULL,
  `BoMostraCategoria` tinyint(4) DEFAULT NULL,
  `BoDestaque` tinyint(1) DEFAULT NULL,
  `BoLinkAdicional` tinyint(4) DEFAULT NULL,
  `TxLinkAdicional` varchar(200) DEFAULT NULL,
  `TxPosicaoFoto` varchar(50) DEFAULT NULL,
  `TxPosicaoSecao` varchar(50) DEFAULT NULL,
  `TxMarcadorSecao` varchar(50) DEFAULT NULL,
  `BoAtiva` tinyint(4) NOT NULL DEFAULT '0',
  `InCdIdioma` int(11) NOT NULL,
  `TxCorBorda` varchar(10) NOT NULL,
  `BoBordaEsquerda` tinyint(4) NOT NULL DEFAULT '0',
  `BoBordaDireita` tinyint(4) NOT NULL DEFAULT '0',
  `BoBordaCima` tinyint(4) NOT NULL DEFAULT '0',
  `BoBordaBaixo` tinyint(4) NOT NULL DEFAULT '0',
  `NrTamBorda` int(11) NOT NULL DEFAULT '1',
  `BoBorda` tinyint(4) NOT NULL DEFAULT '0',
  `NrPadding` int(11) NOT NULL,
  `NrSpacing` int(11) NOT NULL,
  `InLarguraFoto` int(11) DEFAULT NULL,
  `InAlturaFoto` int(11) DEFAULT NULL,
  `TxFontFamilyCategoria` varchar(50) DEFAULT NULL,
  `InFontSizeCategoria` int(11) DEFAULT NULL,
  `TxColorCategoria` varchar(10) DEFAULT NULL,
  `TxFontFamilyTitulo` varchar(50) DEFAULT NULL,
  `InFontSizeTitulo` int(11) DEFAULT NULL,
  `TxColorTitulo` varchar(10) DEFAULT NULL,
  `TxFontFamilyResumo` varchar(50) DEFAULT NULL,
  `InFontSizeResumo` int(11) DEFAULT NULL,
  `TxColorResumo` varchar(10) DEFAULT NULL,
  `TxColorTabOn` varchar(10) DEFAULT NULL,
  `TxColorTabOff` varchar(10) DEFAULT NULL,
  `TxColorBox` varchar(10) DEFAULT NULL,
  `TxTipo` varchar(1) DEFAULT 'E',
  `TxFontFamilyTexto` varchar(50) DEFAULT NULL,
  `InFontSizeTexto` int(11) DEFAULT NULL,
  `TxColorTexto` varchar(10) DEFAULT NULL,
  PRIMARY KEY (`InCdZona`),
  KEY `FK_catalogo_zonas_1` (`InCdIdioma`)
) ENGINE=InnoDB DEFAULT CHARSET=latin1 AUTO_INCREMENT=1 ;

-- --------------------------------------------------------

--
-- Estrutura da tabela `catalogo_zonas_categoria`
--

CREATE TABLE IF NOT EXISTS `catalogo_zonas_categoria` (
  `InCdZona` int(11) NOT NULL,
  `InCdCategoria` int(11) NOT NULL,
  PRIMARY KEY (`InCdZona`,`InCdCategoria`),
  KEY `FK_catalogo_zonas_InCdCategoria_1` (`InCdCategoria`)
) ENGINE=InnoDB DEFAULT CHARSET=latin1;

-- --------------------------------------------------------

--
-- Estrutura da tabela `catalogo_zonas_secao`
--

CREATE TABLE IF NOT EXISTS `catalogo_zonas_secao` (
  `InCdZona` int(11) NOT NULL,
  `InCdSecao` int(11) NOT NULL,
  PRIMARY KEY (`InCdZona`,`InCdSecao`),
  KEY `FK_catalogo_zonas_secao_1` (`InCdSecao`)
) ENGINE=InnoDB DEFAULT CHARSET=latin1;

-- --------------------------------------------------------

--
-- Estrutura da tabela `catalogo_zonas_subsecao`
--

CREATE TABLE IF NOT EXISTS `catalogo_zonas_subsecao` (
  `InCdZona` int(11) NOT NULL,
  `InCdSubSecao` int(11) NOT NULL,
  PRIMARY KEY (`InCdZona`,`InCdSubSecao`),
  KEY `FK_catalogo_zonas_subsecao_1` (`InCdSubSecao`)
) ENGINE=InnoDB DEFAULT CHARSET=latin1;

-- --------------------------------------------------------

--
-- Estrutura da tabela `cidade`
--

CREATE TABLE IF NOT EXISTS `cidade` (
  `InCdCidade` int(11) NOT NULL AUTO_INCREMENT,
  `TxDescricao` varchar(100) NOT NULL,
  `InCdEstado` int(11) NOT NULL,
  PRIMARY KEY (`InCdCidade`),
  KEY `FK_cidade_1` (`InCdEstado`)
) ENGINE=InnoDB DEFAULT CHARSET=latin1 AUTO_INCREMENT=1 ;

-- --------------------------------------------------------

--
-- Estrutura da tabela `cliques`
--

CREATE TABLE IF NOT EXISTS `cliques` (
  `bannerid` int(10) DEFAULT NULL,
  `data` varchar(50) DEFAULT NULL,
  `rfer` varchar(100) DEFAULT NULL,
  `IP` varchar(20) DEFAULT NULL,
  `Idioma` varchar(10) DEFAULT NULL,
  KEY `bannerid` (`bannerid`),
  KEY `Idioma` (`Idioma`)
) ENGINE=InnoDB DEFAULT CHARSET=latin1;

-- --------------------------------------------------------

--
-- Estrutura da tabela `config`
--

CREATE TABLE IF NOT EXISTS `config` (
  `InCdIdioma` int(11) NOT NULL DEFAULT '0',
  `TxTextoTop` text,
  `TxCorTextoTop` varchar(50) DEFAULT NULL,
  `TxCorFundoTop` varchar(10) DEFAULT NULL,
  `TxCorBorda` varchar(10) DEFAULT NULL,
  `TxTamanhoBorda` float DEFAULT NULL,
  `TxCorFundoBox` varchar(10) DEFAULT NULL,
  `TxCorFonteBox` varchar(10) DEFAULT NULL,
  `TxBullet` text,
  `TxCorFundoBarraNews` varchar(50) DEFAULT NULL,
  `TxTextoBarraNews` text,
  `TxImagemBarra` text,
  `InTemplate` int(11) DEFAULT NULL,
  `TxTextoCadastro` varchar(50) DEFAULT NULL,
  `TxTextoCadastro2` varchar(100) DEFAULT NULL,
  `InNroNoticiasPagina` int(11) DEFAULT NULL,
  `TxCorFonteBarraNews` varchar(20) DEFAULT NULL,
  `TxBarraGaleria` varchar(100) DEFAULT NULL,
  `TxPaginaNoticias` varchar(100) NOT NULL,
  `TxFontSize` int(11) DEFAULT NULL,
  `TxFontFamily` varchar(20) DEFAULT NULL,
  `BoAprovarComentario` tinyint(4) DEFAULT '1',
  `TxTituloRSS` varchar(50) DEFAULT NULL,
  `TxDescricaoRSS` varchar(300) DEFAULT NULL,
  `NrVideoColuna` int(11) DEFAULT '5',
  `NrVideoPagina` int(11) DEFAULT '20',
  PRIMARY KEY (`InCdIdioma`)
) ENGINE=InnoDB DEFAULT CHARSET=latin1 ROW_FORMAT=REDUNDANT;

--
-- Extraindo dados da tabela `config`
--

INSERT INTO `config` (`InCdIdioma`, `TxTextoTop`, `TxCorTextoTop`, `TxCorFundoTop`, `TxCorBorda`, `TxTamanhoBorda`, `TxCorFundoBox`, `TxCorFonteBox`, `TxBullet`, `TxCorFundoBarraNews`, `TxTextoBarraNews`, `TxImagemBarra`, `InTemplate`, `TxTextoCadastro`, `TxTextoCadastro2`, `InNroNoticiasPagina`, `TxCorFonteBarraNews`, `TxBarraGaleria`, `TxPaginaNoticias`, `TxFontSize`, `TxFontFamily`, `BoAprovarComentario`, `TxTituloRSS`, `TxDescricaoRSS`, `NrVideoColuna`, `NrVideoPagina`) VALUES
(1, '', '', '', '', 0, '', '', '', '', '{data}', NULL, 1, '', '', 1, '', '', 'http://www.coelho4.hospedagemdesites.ws/ultimas_obras.asp', 0, 'Arial', 0, 'Últimas Notícias', 'Últimas Notícias', 1, 1);

-- --------------------------------------------------------

--
-- Estrutura da tabela `config_coluna`
--

CREATE TABLE IF NOT EXISTS `config_coluna` (
  `InCdColuna` int(11) NOT NULL DEFAULT '0',
  `BoMostrarTitulo` int(11) DEFAULT NULL,
  `BoMostrarResumo` int(11) DEFAULT NULL,
  `BoMostrarMateria` int(11) DEFAULT NULL,
  `BoMostrarFonte` int(11) DEFAULT NULL,
  `BoMostrarFoto` int(11) DEFAULT NULL,
  `BoMostrarLinkLeia` int(11) DEFAULT NULL,
  PRIMARY KEY (`InCdColuna`)
) ENGINE=InnoDB DEFAULT CHARSET=latin1 ROW_FORMAT=REDUNDANT;

--
-- Extraindo dados da tabela `config_coluna`
--

INSERT INTO `config_coluna` (`InCdColuna`, `BoMostrarTitulo`, `BoMostrarResumo`, `BoMostrarMateria`, `BoMostrarFonte`, `BoMostrarFoto`, `BoMostrarLinkLeia`) VALUES
(1, 1, 1, 1, 0, 0, 0);

-- --------------------------------------------------------

--
-- Estrutura da tabela `config_editorias`
--

CREATE TABLE IF NOT EXISTS `config_editorias` (
  `InCdEditoria` int(11) NOT NULL DEFAULT '0',
  `InNroNoticias` int(11) DEFAULT NULL,
  `InCdIdioma` int(11) NOT NULL DEFAULT '0',
  PRIMARY KEY (`InCdEditoria`,`InCdIdioma`),
  KEY `InCdIdioma` (`InCdIdioma`)
) ENGINE=InnoDB DEFAULT CHARSET=latin1 ROW_FORMAT=REDUNDANT;

--
-- Extraindo dados da tabela `config_editorias`
--

INSERT INTO `config_editorias` (`InCdEditoria`, `InNroNoticias`, `InCdIdioma`) VALUES
(1, 5, 1);

-- --------------------------------------------------------

--
-- Estrutura da tabela `config_news_editorias`
--

CREATE TABLE IF NOT EXISTS `config_news_editorias` (
  `InCdEditoria` int(11) NOT NULL DEFAULT '0',
  `InColuna` int(11) NOT NULL DEFAULT '0',
  `InNroNoticias` int(11) NOT NULL DEFAULT '0',
  PRIMARY KEY (`InCdEditoria`,`InColuna`)
) ENGINE=InnoDB DEFAULT CHARSET=latin1 ROW_FORMAT=REDUNDANT;

--
-- Extraindo dados da tabela `config_news_editorias`
--

INSERT INTO `config_news_editorias` (`InCdEditoria`, `InColuna`, `InNroNoticias`) VALUES
(1, 1, 20);

-- --------------------------------------------------------

--
-- Estrutura da tabela `css_estilo_borda`
--

CREATE TABLE IF NOT EXISTS `css_estilo_borda` (
  `TxEstiloBorda` varchar(50) NOT NULL DEFAULT '',
  `TxDescricao` varchar(50) DEFAULT NULL,
  PRIMARY KEY (`TxEstiloBorda`)
) ENGINE=InnoDB DEFAULT CHARSET=latin1 ROW_FORMAT=REDUNDANT;

--
-- Extraindo dados da tabela `css_estilo_borda`
--

INSERT INTO `css_estilo_borda` (`TxEstiloBorda`, `TxDescricao`) VALUES
('dotted', 'Pontilhada'),
('solid', 'S&oacute;lida');

-- --------------------------------------------------------

--
-- Estrutura da tabela `css_estilo_link`
--

CREATE TABLE IF NOT EXISTS `css_estilo_link` (
  `TxEstiloLink` varchar(50) NOT NULL DEFAULT '',
  `TxDescricao` varchar(50) DEFAULT NULL,
  PRIMARY KEY (`TxEstiloLink`)
) ENGINE=InnoDB DEFAULT CHARSET=latin1 ROW_FORMAT=REDUNDANT;

--
-- Extraindo dados da tabela `css_estilo_link`
--

INSERT INTO `css_estilo_link` (`TxEstiloLink`, `TxDescricao`) VALUES
('none', 'Nenhum'),
('underline', 'Sublinhado');

-- --------------------------------------------------------

--
-- Estrutura da tabela `css_fontes`
--

CREATE TABLE IF NOT EXISTS `css_fontes` (
  `TxFonte` varchar(50) NOT NULL DEFAULT '',
  `TxDescricao` varchar(50) DEFAULT NULL,
  PRIMARY KEY (`TxFonte`)
) ENGINE=InnoDB DEFAULT CHARSET=latin1 ROW_FORMAT=REDUNDANT;

--
-- Extraindo dados da tabela `css_fontes`
--

INSERT INTO `css_fontes` (`TxFonte`, `TxDescricao`) VALUES
('Arial', 'Arial'),
('Tahoma', 'Tahoma'),
('Times New Roman', 'Times New Roman'),
('Verdana', 'Verdana');

-- --------------------------------------------------------

--
-- Estrutura da tabela `dias`
--

CREATE TABLE IF NOT EXISTS `dias` (
  `bannerid` int(10) DEFAULT NULL,
  `Dia` int(10) DEFAULT NULL,
  `Views` int(10) DEFAULT NULL,
  `Cliques` int(10) DEFAULT NULL,
  KEY `bannerid` (`bannerid`)
) ENGINE=InnoDB DEFAULT CHARSET=latin1;

-- --------------------------------------------------------

--
-- Estrutura da tabela `enquete_pergunta`
--

CREATE TABLE IF NOT EXISTS `enquete_pergunta` (
  `ID_enquete` int(10) NOT NULL,
  `data` datetime DEFAULT NULL,
  `pergunta` varchar(255) DEFAULT NULL,
  PRIMARY KEY (`ID_enquete`),
  KEY `ID_enquete` (`ID_enquete`)
) ENGINE=InnoDB DEFAULT CHARSET=latin1;

-- --------------------------------------------------------

--
-- Estrutura da tabela `enquete_respostas`
--

CREATE TABLE IF NOT EXISTS `enquete_respostas` (
  `ID_resposta` int(10) NOT NULL,
  `ID_enquete` int(10) DEFAULT NULL,
  `hits` int(10) DEFAULT NULL,
  `respostas` varchar(255) DEFAULT NULL,
  PRIMARY KEY (`ID_resposta`),
  KEY `enquete_perguntaenquete_respost` (`ID_enquete`),
  KEY `ID_enquete` (`ID_enquete`),
  KEY `ID_resposta` (`ID_resposta`)
) ENGINE=InnoDB DEFAULT CHARSET=latin1;

-- --------------------------------------------------------

--
-- Estrutura da tabela `estados`
--

CREATE TABLE IF NOT EXISTS `estados` (
  `InCdEstado` int(11) NOT NULL DEFAULT '0',
  `TxSigla` varchar(50) DEFAULT NULL,
  `TxDescricao` varchar(35) DEFAULT NULL,
  `InOrdem` int(11) DEFAULT NULL,
  PRIMARY KEY (`InCdEstado`)
) ENGINE=InnoDB DEFAULT CHARSET=latin1 ROW_FORMAT=REDUNDANT;

--
-- Extraindo dados da tabela `estados`
--

INSERT INTO `estados` (`InCdEstado`, `TxSigla`, `TxDescricao`, `InOrdem`) VALUES
(1, 'AC', 'ACRE', 1),
(2, 'AL', 'ALAGOAS', 1),
(3, 'AM', 'AMAZONAS', 1),
(4, 'AP', 'AMAPA', 1),
(5, 'BA', 'BAHIA', 1),
(6, 'CE', 'CEARA', 1),
(7, 'DF', 'DISTRITO FEDERAL', 1),
(8, 'ES', 'ESPIRITO SANTO', 1),
(9, 'GO', 'GOIAS', 1),
(10, 'MA', 'MARANHAO', 1),
(11, 'MG', 'MINAS GERAIS', 1),
(12, 'MS', 'MATO DO GROSSO DO SUL', 1),
(13, 'MT', 'MATO GROSSO', 1),
(14, 'PA', 'PARA', 1),
(15, 'PB', 'PARAIBA', 1),
(16, 'PE', 'PERNAMBUCO', 1),
(17, 'PI', 'PIAUI', 1),
(18, 'PR', 'PARANA', 1),
(19, 'RJ', 'RIO DE JANEIRO', 1),
(20, 'RN', 'RIO GRANDE DO NORTE', 1),
(21, 'RO', 'RONDONIA', 1),
(22, 'RR', 'RORAIMA', 1),
(23, 'RS', 'RIO GRANDE DO SUL', 0),
(24, 'SC', 'SANTA CATARINA', 1),
(25, 'SE', 'SERGIPE', 1),
(26, 'SP', 'SAO PAULO', 1),
(27, 'TO', 'TOCANTINS', 1);

-- --------------------------------------------------------

--
-- Estrutura da tabela `help`
--

CREATE TABLE IF NOT EXISTS `help` (
  `InCdMenuItem` int(11) NOT NULL,
  `TxTexto` text NOT NULL,
  `InOrdem` int(11) NOT NULL,
  `InCdHelp` int(11) NOT NULL AUTO_INCREMENT,
  PRIMARY KEY (`InCdHelp`)
) ENGINE=InnoDB DEFAULT CHARSET=latin1 AUTO_INCREMENT=1 ;

-- --------------------------------------------------------

--
-- Estrutura da tabela `horas`
--

CREATE TABLE IF NOT EXISTS `horas` (
  `id` int(10) NOT NULL AUTO_INCREMENT,
  `Nome` varchar(50) DEFAULT NULL,
  `Inicio` int(10) DEFAULT NULL,
  `Fim` int(10) DEFAULT NULL,
  `OInicio` varchar(50) DEFAULT NULL,
  `OFim` varchar(50) DEFAULT NULL,
  PRIMARY KEY (`id`),
  KEY `id` (`id`)
) ENGINE=InnoDB DEFAULT CHARSET=latin1 AUTO_INCREMENT=1 ;

-- --------------------------------------------------------

--
-- Estrutura da tabela `horas_stats`
--

CREATE TABLE IF NOT EXISTS `horas_stats` (
  `bannerid` int(10) DEFAULT NULL,
  `Hora` int(10) DEFAULT NULL,
  `Views` int(10) DEFAULT NULL,
  `Cliques` int(10) DEFAULT NULL,
  KEY `bannerid` (`bannerid`)
) ENGINE=InnoDB DEFAULT CHARSET=latin1;

-- --------------------------------------------------------

--
-- Estrutura da tabela `idioma`
--

CREATE TABLE IF NOT EXISTS `idioma` (
  `InCdIdioma` int(11) NOT NULL AUTO_INCREMENT,
  `TxDescricao` varchar(50) DEFAULT NULL,
  `TxIcone` varchar(50) DEFAULT NULL,
  `BoPadrao` tinyint(4) DEFAULT NULL,
  PRIMARY KEY (`InCdIdioma`)
) ENGINE=InnoDB  DEFAULT CHARSET=latin1 AUTO_INCREMENT=2 ;

--
-- Extraindo dados da tabela `idioma`
--

INSERT INTO `idioma` (`InCdIdioma`, `TxDescricao`, `TxIcone`, `BoPadrao`) VALUES
(1, 'Português', 'imagens/Menu_idioma_Br.gif', 1);

-- --------------------------------------------------------

--
-- Estrutura da tabela `ip`
--

CREATE TABLE IF NOT EXISTS `ip` (
  `IP` varchar(50) DEFAULT NULL,
  `id` int(10) DEFAULT NULL,
  `Hora` int(10) DEFAULT NULL,
  KEY `id` (`id`)
) ENGINE=InnoDB DEFAULT CHARSET=latin1;

-- --------------------------------------------------------

--
-- Estrutura da tabela `log`
--

CREATE TABLE IF NOT EXISTS `log` (
  `InCdLog` int(11) NOT NULL AUTO_INCREMENT,
  `TxIP` varchar(50) NOT NULL,
  `TxEmail` varchar(100) NOT NULL,
  `DtData` datetime NOT NULL,
  `BoBloqueado` tinyint(1) NOT NULL DEFAULT '0',
  PRIMARY KEY (`InCdLog`),
  KEY `FK_log_1` (`TxEmail`) USING BTREE
) ENGINE=InnoDB  DEFAULT CHARSET=latin1 AUTO_INCREMENT=47 ;

--
-- Extraindo dados da tabela `log`
--

INSERT INTO `log` (`InCdLog`, `TxIP`, `TxEmail`, `DtData`, `BoBloqueado`) VALUES
(4, '201.21.246.218', 'contato@webadmin.com.br', '2013-04-02 14:38:37', 0),
(5, '201.21.246.218', 'contato@webadmin.com.br', '2013-04-04 18:46:43', 0),
(6, '201.14.129.169', 'henrique@bruns.com.br', '2013-04-17 23:20:28', 0),
(7, '201.14.129.169', 'henrique@bruns.com.br', '2013-04-17 23:20:41', 0),
(8, '200.180.75.224', 'henrique@bruns.com.br', '2013-04-18 10:47:21', 0),
(9, '200.180.75.224', 'henrique@bruns.com.br', '2013-04-18 10:47:35', 0),
(10, '200.180.75.224', 'henrique@bruns.com.br', '2013-04-18 10:47:51', 0),
(11, '200.180.75.224', 'henrique@bruns.com.br', '2013-04-18 10:48:33', 0),
(12, '200.180.75.224', 'henrique@bruns.com.br', '2013-04-18 10:48:42', 0),
(13, '189.31.99.188', 'henrique@bruns.com.br', '2013-04-18 14:50:13', 0),
(14, '177.132.132.158', 'rodrigo@coelho.ind.br', '2013-04-19 09:07:34', 0),
(15, '177.132.132.158', 'rodrigo@coelho.ind.br', '2013-04-19 09:07:50', 0),
(16, '177.132.132.158', 'rodrigo@coelho.ind.br', '2013-04-19 09:08:01', 0),
(17, '177.132.132.158', 'rodrigo@coelho.ind.br', '2013-04-19 09:08:30', 0),
(18, '177.132.132.158', 'rodrigo@coelho.ind.br', '2013-04-19 09:31:16', 0),
(19, '187.55.56.101', 'henrique@bruns.com.br', '2013-06-19 11:45:39', 1),
(20, '187.55.56.101', 'henrique@bruns.com.br', '2013-06-19 11:45:46', 1),
(21, '187.55.56.101', 'henrique@bruns.com.br', '2013-06-19 11:45:52', 1),
(22, '187.55.56.101', 'henrique@bruns.com.br', '2013-06-19 11:46:10', 1),
(23, '187.55.56.101', 'henrique@bruns.com.br', '2013-06-19 11:47:20', 0),
(24, '187.55.56.101', 'henrique@bruns.com.br', '2013-06-19 11:47:36', 0),
(25, '187.55.56.101', 'henrique@bruns.com.br', '2013-06-19 14:01:15', 1),
(26, '187.55.56.101', 'henrique@bruns.com.br', '2013-06-19 14:01:41', 0),
(27, '187.55.56.101', 'henrique@bruns.com.br', '2013-06-19 14:01:53', 0),
(28, '200.138.203.83', 'henrique@bruns.com.br', '2013-09-10 00:32:31', 1),
(29, '200.138.203.83', 'henrique@bruns.com.br', '2013-09-10 00:32:42', 1),
(30, '200.138.203.83', 'henrique@bruns.com.br', '2013-09-10 00:32:59', 1),
(31, '200.138.203.83', 'henrique@bruns.com.br', '2013-09-10 00:33:15', 1),
(32, '200.138.203.83', 'henrique@bruns.com.br', '2013-09-10 00:33:35', 1),
(33, '200.138.203.83', 'henrique@bruns.com.br', '2013-09-10 00:33:41', 1),
(34, '200.138.203.83', 'henrique@bruns.com.br', '2013-09-10 00:33:49', 1),
(35, '200.138.203.83', 'henrique@bruns.com.br', '2013-09-10 00:33:54', 1),
(36, '200.138.203.83', 'henrique@bruns.com.br', '2013-09-10 00:33:58', 1),
(37, '200.138.203.83', 'teste@teste.com.br', '2013-09-10 00:34:10', 1),
(38, '200.138.203.83', 'rodrigo@coelho.ind.br', '2013-09-10 00:35:02', 0),
(39, '200.138.203.83', 'rodrigo@coelho.ind.br', '2013-09-10 00:35:15', 0),
(40, '177.100.38.42', 'rodrigo@coelho.ind.br', '2013-09-10 00:36:55', 0),
(41, '177.100.38.42', 'rodrigo@coelho.ind.br', '2013-09-10 00:41:06', 0),
(42, '177.100.38.42', 'rodrigo@coelho.ind.br', '2013-09-10 00:53:28', 0),
(43, '179.114.86.207', 'rodrigo@coelho.ind.br', '2013-09-11 19:06:58', 0),
(44, '179.114.86.207', 'rodrigo@coelho.ind.br', '2013-09-11 19:07:39', 0),
(45, '177.100.38.42', 'rodrigo@coelho.ind.br', '2013-09-13 01:41:24', 0),
(46, '177.100.38.42', 'rodrigo@coelho.ind.br', '2013-09-13 01:47:14', 0);

-- --------------------------------------------------------

--
-- Estrutura da tabela `log_menu_item`
--

CREATE TABLE IF NOT EXISTS `log_menu_item` (
  `InCdLog` int(11) NOT NULL,
  `InCdMenuItem` int(11) NOT NULL,
  `BoBloqueado` tinyint(1) NOT NULL DEFAULT '0',
  PRIMARY KEY (`InCdMenuItem`,`InCdLog`)
) ENGINE=InnoDB DEFAULT CHARSET=latin1;

--
-- Extraindo dados da tabela `log_menu_item`
--

INSERT INTO `log_menu_item` (`InCdLog`, `InCdMenuItem`, `BoBloqueado`) VALUES
(4, 1, 0),
(5, 1, 0),
(6, 1, 0),
(7, 1, 0),
(13, 1, 0),
(26, 1, 0),
(27, 1, 0),
(45, 1, 0),
(4, 2, 0),
(5, 2, 0),
(17, 2, 0),
(23, 2, 0),
(24, 2, 0),
(40, 2, 0),
(43, 2, 0),
(44, 2, 0),
(45, 2, 0),
(46, 2, 0),
(5, 3, 0),
(23, 3, 0),
(45, 3, 0),
(4, 4, 0),
(4, 5, 0),
(5, 5, 0),
(4, 12, 0),
(40, 12, 0),
(40, 13, 0),
(45, 13, 0),
(4, 14, 0),
(40, 14, 0),
(4, 15, 0),
(4, 16, 0),
(4, 17, 0),
(5, 17, 0),
(40, 17, 0),
(41, 17, 0),
(45, 17, 0),
(46, 17, 0),
(4, 20, 0),
(5, 20, 0),
(40, 20, 0),
(41, 20, 0),
(42, 20, 0),
(46, 20, 0),
(4, 22, 0);

-- --------------------------------------------------------

--
-- Estrutura da tabela `menu_grupo`
--

CREATE TABLE IF NOT EXISTS `menu_grupo` (
  `InCdMenuGrupo` int(11) NOT NULL,
  `TxDescricao` varchar(50) DEFAULT NULL,
  `BoPublico` bit(1) DEFAULT b'0',
  PRIMARY KEY (`InCdMenuGrupo`)
) ENGINE=InnoDB DEFAULT CHARSET=latin1;

--
-- Extraindo dados da tabela `menu_grupo`
--

INSERT INTO `menu_grupo` (`InCdMenuGrupo`, `TxDescricao`, `BoPublico`) VALUES
(1, 'Geral', b'0'),
(2, 'WebAdmin News', b'0'),
(5, 'WebAdmin Agenda', b'0');

-- --------------------------------------------------------

--
-- Estrutura da tabela `menu_item`
--

CREATE TABLE IF NOT EXISTS `menu_item` (
  `InCdMenuItem` int(11) NOT NULL DEFAULT '0',
  `InCdMenuGrupo` int(11) DEFAULT NULL,
  `TxDescricao` varchar(50) DEFAULT NULL,
  `TxLink` varchar(100) DEFAULT NULL,
  `InCdSecao` int(11) DEFAULT NULL,
  `BoOculto` tinyint(4) DEFAULT '0',
  `InOrdem` int(11) NOT NULL DEFAULT '0',
  PRIMARY KEY (`InCdMenuItem`),
  KEY `InCdMenuGrupo` (`InCdMenuGrupo`)
) ENGINE=InnoDB DEFAULT CHARSET=latin1 ROW_FORMAT=REDUNDANT;

--
-- Extraindo dados da tabela `menu_item`
--

INSERT INTO `menu_item` (`InCdMenuItem`, `InCdMenuGrupo`, `TxDescricao`, `TxLink`, `InCdSecao`, `BoOculto`, `InOrdem`) VALUES
(1, 1, 'Cadastro de usu&aacute;rios', 'site_lista_autorizados.asp', 0, 0, 1),
(2, 2, 'Notícias', '../wa_admin_news/news_lista_noticias.asp', 0, 0, 1),
(3, 2, 'Newsletters', '../wa_admin_news/newsletter.asp', 0, 0, 2),
(4, 5, 'Cadastro de e-mails', '../wa_admin_agenda/news_lista_usuarios.asp', 0, 0, 1),
(5, 2, 'Configura&ccedil;&atilde;o News', '../wa_admin_news/parametros.asp', 0, 0, 3),
(8, 1, 'Perfis de acesso', 'lista_perfil.asp', 0, 0, 2),
(12, 2, '&Aacute;lbuns de fotos', '../wa_admin_news/news_lista_galeria_foto_album.asp', 0, 0, 4),
(13, 2, 'Categorias de &aacute;lbuns de fotos', '../wa_admin_news/news_lista_galeria_foto_categoria.asp', 0, 0, 5),
(14, 2, 'Tipo de Mídia', '../wa_admin_news/news_lista_tipomidia.asp', 0, 0, 6),
(15, 1, 'Dados do cliente', 'news_minha_conta.asp', 0, 0, 3),
(16, 5, 'Cadastro de perfis', '../wa_admin_agenda/news_lista_perfis.asp', 0, 0, 2),
(17, 2, 'Editorias', '../wa_admin_news/news_lista_editorias.asp', 0, 0, 7),
(20, 2, 'Zonas de notícias', '../wa_admin_news/news_lista_zonas.asp', 0, 0, 8),
(21, 1, 'Cadastro de ajuda', '../wa_admin/lista_help.asp', 0, 1, 4),
(22, 2, 'Coment&aacute;rios', '../wa_admin_news/news_lista_comentarios.asp', 0, 1, 9),
(29, 1, 'Log de acessos', '../wa_admin/lista_log.asp', 0, 0, 5),
(36, 2, 'Categorias de v&iacute;deos', '../wa_admin_news/lista_video_categoria.asp', 0, 1, 10),
(37, 2, 'V&iacute;deos', '../wa_admin_news/lista_video.asp', 0, 1, 11);

-- --------------------------------------------------------

--
-- Estrutura da tabela `meses`
--

CREATE TABLE IF NOT EXISTS `meses` (
  `bannerid` int(10) DEFAULT NULL,
  `Mes` int(10) DEFAULT NULL,
  `Views` int(10) DEFAULT NULL,
  `Cliques` int(10) DEFAULT NULL,
  KEY `bannerid` (`bannerid`)
) ENGINE=InnoDB DEFAULT CHARSET=latin1;

-- --------------------------------------------------------

--
-- Estrutura da tabela `news_camposnews`
--

CREATE TABLE IF NOT EXISTS `news_camposnews` (
  `InCdNewsletter` int(11) NOT NULL,
  `InCdCampo` int(11) NOT NULL,
  `TxDescricao` varchar(50) DEFAULT NULL,
  PRIMARY KEY (`InCdNewsletter`,`InCdCampo`)
) ENGINE=InnoDB DEFAULT CHARSET=latin1 ROW_FORMAT=REDUNDANT;

-- --------------------------------------------------------

--
-- Estrutura da tabela `news_clicks`
--

CREATE TABLE IF NOT EXISTS `news_clicks` (
  `InCdNewsletter` int(11) NOT NULL DEFAULT '0',
  `InCdUsuario` int(11) NOT NULL DEFAULT '0',
  `InCdMateria` int(11) NOT NULL DEFAULT '0',
  `DtData` datetime DEFAULT NULL,
  `TxURL` text,
  PRIMARY KEY (`InCdNewsletter`,`InCdUsuario`,`InCdMateria`),
  KEY `Newsletter_3` (`InCdMateria`)
) ENGINE=InnoDB DEFAULT CHARSET=latin1 ROW_FORMAT=REDUNDANT;

-- --------------------------------------------------------

--
-- Estrutura da tabela `news_comentarios`
--

CREATE TABLE IF NOT EXISTS `news_comentarios` (
  `InCdComentario` int(11) NOT NULL,
  `TxNome` varchar(100) NOT NULL,
  `TxEmail` varchar(50) NOT NULL,
  `TxComentario` varchar(1000) NOT NULL,
  `BoAprovado` tinyint(4) NOT NULL,
  `DtComentario` datetime NOT NULL,
  `InCdMateria` int(11) DEFAULT NULL,
  `InCdVideo` int(11) DEFAULT NULL,
  PRIMARY KEY (`InCdComentario`),
  KEY `FK_news_comentarios_1` (`InCdMateria`),
  KEY `FK_news_comentarios_2` (`InCdVideo`)
) ENGINE=InnoDB DEFAULT CHARSET=latin1;

-- --------------------------------------------------------

--
-- Estrutura da tabela `news_editorias`
--

CREATE TABLE IF NOT EXISTS `news_editorias` (
  `InCdEditoria` int(11) NOT NULL AUTO_INCREMENT,
  `TxDescricao` varchar(50) DEFAULT NULL,
  `InCdIdioma` int(11) DEFAULT NULL,
  `BoApareceHome` bit(1) DEFAULT NULL,
  PRIMARY KEY (`InCdEditoria`),
  KEY `InCdIdioma` (`InCdIdioma`)
) ENGINE=InnoDB  DEFAULT CHARSET=latin1 ROW_FORMAT=REDUNDANT AUTO_INCREMENT=2 ;

--
-- Extraindo dados da tabela `news_editorias`
--

INSERT INTO `news_editorias` (`InCdEditoria`, `TxDescricao`, `InCdIdioma`, `BoApareceHome`) VALUES
(1, 'Últimas Obras', 1, NULL);

-- --------------------------------------------------------

--
-- Estrutura da tabela `news_editorias_usuario`
--

CREATE TABLE IF NOT EXISTS `news_editorias_usuario` (
  `InCdEditoria` int(11) NOT NULL,
  `InCdUsuario` int(11) NOT NULL,
  PRIMARY KEY (`InCdEditoria`,`InCdUsuario`),
  KEY `FK_New Table_1` (`InCdUsuario`)
) ENGINE=InnoDB DEFAULT CHARSET=latin1;

-- --------------------------------------------------------

--
-- Estrutura da tabela `news_enviadas`
--

CREATE TABLE IF NOT EXISTS `news_enviadas` (
  `InCdNewsletter` int(11) NOT NULL,
  `DtDataEnvio` datetime DEFAULT NULL,
  `TxTexto` longtext,
  `TxAssunto` text,
  `TxTipo` varchar(1) DEFAULT NULL,
  `DtData` datetime DEFAULT NULL,
  `DtDataDescadastro` datetime DEFAULT NULL,
  PRIMARY KEY (`InCdNewsletter`)
) ENGINE=InnoDB DEFAULT CHARSET=latin1 ROW_FORMAT=REDUNDANT;

-- --------------------------------------------------------

--
-- Estrutura da tabela `news_galeria_foto`
--

CREATE TABLE IF NOT EXISTS `news_galeria_foto` (
  `InCdFoto` int(11) NOT NULL AUTO_INCREMENT,
  `TxLegenda` longtext,
  `InCdAlbum` int(11) DEFAULT NULL,
  `TxTela` varchar(100) DEFAULT NULL,
  `TxThumb` varchar(100) DEFAULT NULL,
  `TxMedia` varchar(100) DEFAULT NULL,
  PRIMARY KEY (`InCdFoto`),
  KEY `InCdAlbum` (`InCdAlbum`)
) ENGINE=InnoDB DEFAULT CHARSET=latin1 ROW_FORMAT=REDUNDANT AUTO_INCREMENT=1 ;

-- --------------------------------------------------------

--
-- Estrutura da tabela `news_galeria_foto_album`
--

CREATE TABLE IF NOT EXISTS `news_galeria_foto_album` (
  `InCdAlbum` int(11) NOT NULL AUTO_INCREMENT,
  `TxTitulo` varchar(50) DEFAULT NULL,
  `TxDescricao` varchar(255) DEFAULT NULL,
  `DtAlbum` datetime DEFAULT NULL,
  `InCdCategoria` int(11) DEFAULT NULL,
  `BoPublicada` tinyint(4) NOT NULL DEFAULT '0',
  `InCdUsuario` int(11) NOT NULL,
  PRIMARY KEY (`InCdAlbum`),
  KEY `news_galeria_foto_album_ibfk_1` (`InCdCategoria`),
  KEY `FK_news_galeria_foto_album_2` (`InCdUsuario`)
) ENGINE=InnoDB DEFAULT CHARSET=latin1 ROW_FORMAT=REDUNDANT AUTO_INCREMENT=1 ;

-- --------------------------------------------------------

--
-- Estrutura da tabela `news_galeria_foto_categoria`
--

CREATE TABLE IF NOT EXISTS `news_galeria_foto_categoria` (
  `InCdCategoria` int(11) NOT NULL AUTO_INCREMENT,
  `TxDescricao` varchar(50) DEFAULT NULL,
  `InCdIdioma` int(11) DEFAULT NULL,
  PRIMARY KEY (`InCdCategoria`),
  KEY `news_galeria_foto_cat_ibfk_1` (`InCdIdioma`)
) ENGINE=InnoDB DEFAULT CHARSET=latin1 ROW_FORMAT=REDUNDANT AUTO_INCREMENT=1 ;

-- --------------------------------------------------------

--
-- Estrutura da tabela `news_galeria_foto_categoria_usuario`
--

CREATE TABLE IF NOT EXISTS `news_galeria_foto_categoria_usuario` (
  `InCdCategoria` int(11) NOT NULL,
  `InCdUsuario` int(11) NOT NULL,
  PRIMARY KEY (`InCdCategoria`,`InCdUsuario`),
  KEY `FK_news_galeria_foto_categoria_usuario_2` (`InCdUsuario`)
) ENGINE=InnoDB DEFAULT CHARSET=latin1;

-- --------------------------------------------------------

--
-- Estrutura da tabela `news_materias`
--

CREATE TABLE IF NOT EXISTS `news_materias` (
  `InCdMateria` int(11) NOT NULL,
  `TxTitulo` varchar(100) DEFAULT NULL,
  `TxResumo` longtext,
  `TxTexto` longtext,
  `DtData` datetime DEFAULT NULL,
  `TxFoto` varchar(50) DEFAULT NULL,
  `DtVeiculacaoINI` datetime DEFAULT NULL,
  `DtVeiculacaoFIN` datetime DEFAULT NULL,
  `TxFonte` varchar(50) DEFAULT NULL,
  `TxFonteLink` varchar(250) DEFAULT NULL,
  `InCdEditoria` int(11) DEFAULT NULL,
  `InClicks` int(11) DEFAULT NULL,
  `TxLegenda` varchar(250) DEFAULT NULL,
  `BoDestaque` int(11) DEFAULT NULL,
  `BoEnviada` int(11) NOT NULL DEFAULT '0',
  `BoRestrito` tinyint(4) DEFAULT NULL,
  `InOpcaoFoto` int(11) DEFAULT NULL,
  `TxLink` varchar(200) DEFAULT NULL,
  `TxTarget` varchar(20) DEFAULT NULL,
  `BoPublicada` tinyint(4) DEFAULT NULL,
  `InCdUsuario` int(11) DEFAULT NULL,
  `TxNoticiasRelacionadas` varchar(255) DEFAULT NULL,
  `TxChave` varchar(500) DEFAULT NULL,
  PRIMARY KEY (`InCdMateria`),
  KEY `InCdEditoria` (`InCdEditoria`),
  KEY `FK_news_materias_3` (`InCdUsuario`)
) ENGINE=InnoDB DEFAULT CHARSET=latin1 ROW_FORMAT=REDUNDANT;

--
-- Extraindo dados da tabela `news_materias`
--

INSERT INTO `news_materias` (`InCdMateria`, `TxTitulo`, `TxResumo`, `TxTexto`, `DtData`, `TxFoto`, `DtVeiculacaoINI`, `DtVeiculacaoFIN`, `TxFonte`, `TxFonteLink`, `InCdEditoria`, `InClicks`, `TxLegenda`, `BoDestaque`, `BoEnviada`, `BoRestrito`, `InOpcaoFoto`, `TxLink`, `TxTarget`, `BoPublicada`, `InCdUsuario`, `TxNoticiasRelacionadas`, `TxChave`) VALUES
(1, 'Metalúrgica Coelho', 'Em breve postaremos fotos das últimas obras realizadas', '<p>\r\n	Em breve</p>\r\n', '2013-06-19 00:00:00', 'n_foto-noticia.jpg', NULL, NULL, '', '', 1, 69, NULL, 0, 0, 0, NULL, '', '_self', 1, 2, '', 'METALURGICA COELHO EM BREVE POSTAREMOS FOTOS DAS ULTIMAS OBRAS REALIZADAS');

-- --------------------------------------------------------

--
-- Estrutura da tabela `news_materiasnews`
--

CREATE TABLE IF NOT EXISTS `news_materiasnews` (
  `InCdMateria` int(11) NOT NULL,
  `InCdNewsletter` int(11) NOT NULL,
  PRIMARY KEY (`InCdMateria`,`InCdNewsletter`),
  KEY `InCdNewsletter` (`InCdNewsletter`)
) ENGINE=InnoDB DEFAULT CHARSET=latin1 ROW_FORMAT=REDUNDANT;

-- --------------------------------------------------------

--
-- Estrutura da tabela `news_materias_foto`
--

CREATE TABLE IF NOT EXISTS `news_materias_foto` (
  `InCdFoto` int(11) NOT NULL AUTO_INCREMENT,
  `InCdMateria` int(11) DEFAULT NULL,
  `TxLegenda` varchar(150) DEFAULT NULL,
  `TxTela` varchar(100) DEFAULT NULL,
  `TxThumb` varchar(100) DEFAULT NULL,
  PRIMARY KEY (`InCdFoto`),
  KEY `InCdMateria` (`InCdMateria`)
) ENGINE=InnoDB DEFAULT CHARSET=latin1 ROW_FORMAT=REDUNDANT AUTO_INCREMENT=1 ;

-- --------------------------------------------------------

--
-- Estrutura da tabela `news_materias_midia`
--

CREATE TABLE IF NOT EXISTS `news_materias_midia` (
  `InCdMidia` int(11) NOT NULL AUTO_INCREMENT,
  `InCdMateria` int(11) DEFAULT NULL,
  `InCdTipoMidia` int(11) DEFAULT NULL,
  `TxCaminho` text,
  `TxDescricao` varchar(250) DEFAULT NULL,
  PRIMARY KEY (`InCdMidia`),
  KEY `InCdMateria` (`InCdMateria`),
  KEY `InCdTipoMidia` (`InCdTipoMidia`)
) ENGINE=InnoDB DEFAULT CHARSET=latin1 ROW_FORMAT=REDUNDANT AUTO_INCREMENT=1 ;

-- --------------------------------------------------------

--
-- Estrutura da tabela `news_materias_tipomidia`
--

CREATE TABLE IF NOT EXISTS `news_materias_tipomidia` (
  `InCdTipoMidia` int(11) NOT NULL AUTO_INCREMENT,
  `TxDescricao` varchar(50) DEFAULT NULL,
  `TxArquivo` varchar(100) DEFAULT NULL,
  PRIMARY KEY (`InCdTipoMidia`)
) ENGINE=InnoDB  DEFAULT CHARSET=latin1 ROW_FORMAT=REDUNDANT AUTO_INCREMENT=4 ;

--
-- Extraindo dados da tabela `news_materias_tipomidia`
--

INSERT INTO `news_materias_tipomidia` (`InCdTipoMidia`, `TxDescricao`, `TxArquivo`) VALUES
(1, 'Pdf', 'pdf_icon.gif'),
(2, 'Doc', 'word_icon.gif'),
(3, 'Zip', 'zip_icon.gif');

-- --------------------------------------------------------

--
-- Estrutura da tabela `news_perfis`
--

CREATE TABLE IF NOT EXISTS `news_perfis` (
  `InCdPerfil` int(11) NOT NULL AUTO_INCREMENT,
  `TxDescricao` varchar(50) DEFAULT NULL,
  PRIMARY KEY (`InCdPerfil`)
) ENGINE=InnoDB  DEFAULT CHARSET=latin1 AUTO_INCREMENT=2 ;

--
-- Extraindo dados da tabela `news_perfis`
--

INSERT INTO `news_perfis` (`InCdPerfil`, `TxDescricao`) VALUES
(1, 'Geral');

-- --------------------------------------------------------

--
-- Estrutura da tabela `news_perfisnews`
--

CREATE TABLE IF NOT EXISTS `news_perfisnews` (
  `InCdPerfil` int(11) NOT NULL,
  `InCdNewsletter` int(11) NOT NULL,
  PRIMARY KEY (`InCdPerfil`,`InCdNewsletter`),
  KEY `InCdNewsletter` (`InCdNewsletter`)
) ENGINE=InnoDB DEFAULT CHARSET=latin1 ROW_FORMAT=REDUNDANT;

-- --------------------------------------------------------

--
-- Estrutura da tabela `news_perfis_grupo`
--

CREATE TABLE IF NOT EXISTS `news_perfis_grupo` (
  `InCdPerfil` int(11) NOT NULL DEFAULT '0',
  `InCdMenuGrupo` int(11) NOT NULL DEFAULT '0',
  PRIMARY KEY (`InCdPerfil`,`InCdMenuGrupo`),
  KEY `InCdMenuGrupo` (`InCdMenuGrupo`)
) ENGINE=InnoDB DEFAULT CHARSET=latin1 ROW_FORMAT=REDUNDANT;

-- --------------------------------------------------------

--
-- Estrutura da tabela `news_usuarioscampos`
--

CREATE TABLE IF NOT EXISTS `news_usuarioscampos` (
  `InCdCampo` int(11) NOT NULL,
  `TxDescricao` varchar(50) DEFAULT NULL,
  `InOrdem` int(11) DEFAULT NULL,
  `BoObrigatorio` int(11) DEFAULT NULL,
  `TxTipo` varchar(20) DEFAULT NULL,
  `BoOcultarLabel` tinyint(4) DEFAULT NULL,
  `TxCustom` varchar(50) DEFAULT NULL,
  `InTamanho` int(11) DEFAULT NULL,
  `InMaxCaracteres` int(11) DEFAULT NULL,
  PRIMARY KEY (`InCdCampo`)
) ENGINE=InnoDB DEFAULT CHARSET=latin1;

--
-- Extraindo dados da tabela `news_usuarioscampos`
--

INSERT INTO `news_usuarioscampos` (`InCdCampo`, `TxDescricao`, `InOrdem`, `BoObrigatorio`, `TxTipo`, `BoOcultarLabel`, `TxCustom`, `InTamanho`, `InMaxCaracteres`) VALUES
(1, 'E-mail', 1, 1, NULL, NULL, NULL, NULL, NULL),
(2, 'Nome', 0, 1, NULL, NULL, NULL, NULL, NULL);

-- --------------------------------------------------------

--
-- Estrutura da tabela `news_usuariosnews`
--

CREATE TABLE IF NOT EXISTS `news_usuariosnews` (
  `InCdUsuario` int(11) NOT NULL,
  `InCdNewsletter` int(11) NOT NULL,
  `BolEnviada` int(11) DEFAULT NULL,
  `BolLida` int(11) DEFAULT NULL,
  `DtDataLida` datetime DEFAULT NULL,
  `DtDataEnvio` datetime DEFAULT NULL,
  PRIMARY KEY (`InCdUsuario`,`InCdNewsletter`),
  KEY `InCdNewsletter` (`InCdNewsletter`)
) ENGINE=InnoDB DEFAULT CHARSET=latin1 ROW_FORMAT=REDUNDANT;

-- --------------------------------------------------------

--
-- Estrutura da tabela `news_zonas`
--

CREATE TABLE IF NOT EXISTS `news_zonas` (
  `InCdZona` int(11) NOT NULL AUTO_INCREMENT,
  `TxDescricao` varchar(50) NOT NULL,
  `NrNoticias` int(11) NOT NULL DEFAULT '1',
  `NrColunas` int(11) NOT NULL DEFAULT '1',
  `BoDestaque` tinyint(4) DEFAULT NULL,
  `BoFoto` tinyint(4) DEFAULT NULL,
  `BoMostraResumo` tinyint(4) DEFAULT NULL,
  `BoMostraEditoria` tinyint(4) DEFAULT NULL,
  `BoMostraTitulo` tinyint(4) DEFAULT NULL,
  `BoMostraData` tinyint(4) DEFAULT NULL,
  `BoMostraFoto` tinyint(4) DEFAULT NULL,
  `BoMostraTexto` tinyint(4) DEFAULT NULL,
  `BoLinkAdicional` tinyint(4) DEFAULT NULL,
  `TxLinkAdicional` varchar(200) DEFAULT NULL,
  `TxPosicaoFoto` varchar(50) DEFAULT NULL,
  `TxPosicaoSecao` varchar(50) DEFAULT NULL,
  `TxMarcadorSecao` varchar(50) DEFAULT NULL,
  `BoAtiva` tinyint(4) NOT NULL DEFAULT '0',
  `InCdIdioma` int(11) NOT NULL,
  `TxCorBorda` varchar(10) NOT NULL,
  `BoBordaEsquerda` tinyint(4) NOT NULL DEFAULT '0',
  `BoBordaDireita` tinyint(4) NOT NULL DEFAULT '0',
  `BoBordaCima` tinyint(4) NOT NULL DEFAULT '0',
  `BoBordaBaixo` tinyint(4) NOT NULL DEFAULT '0',
  `NrTamBorda` int(11) NOT NULL DEFAULT '1',
  `BoBorda` tinyint(4) NOT NULL DEFAULT '0',
  `NrPadding` int(11) NOT NULL,
  `NrSpacing` int(11) NOT NULL,
  `InLarguraFoto` int(11) DEFAULT NULL,
  `InAlturaFoto` int(11) DEFAULT NULL,
  `TxFontFamilyEditoria` varchar(50) DEFAULT NULL,
  `InFontSizeEditoria` int(11) DEFAULT NULL,
  `TxColorEditoria` varchar(10) DEFAULT NULL,
  `TxFontFamilyTitulo` varchar(50) DEFAULT NULL,
  `InFontSizeTitulo` int(11) DEFAULT NULL,
  `TxColorTitulo` varchar(10) DEFAULT NULL,
  `TxFontFamilyResumo` varchar(50) DEFAULT NULL,
  `InFontSizeResumo` int(11) DEFAULT NULL,
  `TxColorResumo` varchar(10) DEFAULT NULL,
  `TxFontFamilyData` varchar(50) DEFAULT NULL,
  `InFontSizeData` int(11) DEFAULT NULL,
  `TxColorData` varchar(10) DEFAULT NULL,
  `TxFontFamilyTexto` varchar(50) DEFAULT NULL,
  `InFontSizeTexto` int(11) DEFAULT NULL,
  `TxColorTexto` varchar(10) DEFAULT NULL,
  `TxOrdem` varchar(50) DEFAULT NULL,
  PRIMARY KEY (`InCdZona`),
  KEY `FK_news_zonas_1` (`InCdIdioma`)
) ENGINE=InnoDB  DEFAULT CHARSET=latin1 AUTO_INCREMENT=2 ;

--
-- Extraindo dados da tabela `news_zonas`
--

INSERT INTO `news_zonas` (`InCdZona`, `TxDescricao`, `NrNoticias`, `NrColunas`, `BoDestaque`, `BoFoto`, `BoMostraResumo`, `BoMostraEditoria`, `BoMostraTitulo`, `BoMostraData`, `BoMostraFoto`, `BoMostraTexto`, `BoLinkAdicional`, `TxLinkAdicional`, `TxPosicaoFoto`, `TxPosicaoSecao`, `TxMarcadorSecao`, `BoAtiva`, `InCdIdioma`, `TxCorBorda`, `BoBordaEsquerda`, `BoBordaDireita`, `BoBordaCima`, `BoBordaBaixo`, `NrTamBorda`, `BoBorda`, `NrPadding`, `NrSpacing`, `InLarguraFoto`, `InAlturaFoto`, `TxFontFamilyEditoria`, `InFontSizeEditoria`, `TxColorEditoria`, `TxFontFamilyTitulo`, `InFontSizeTitulo`, `TxColorTitulo`, `TxFontFamilyResumo`, `InFontSizeResumo`, `TxColorResumo`, `TxFontFamilyData`, `InFontSizeData`, `TxColorData`, `TxFontFamilyTexto`, `InFontSizeTexto`, `TxColorTexto`, `TxOrdem`) VALUES
(1, 'Ultimas Obras - HOME', 6, 1, 0, 0, 1, 0, 1, 1, 1, 0, 0, '', 'left', 'acima', '', 1, 1, '', 0, 0, 0, 0, 1, 0, 3, 4, 80, 80, 'Arial', NULL, '', 'Arial', 14, '#404191', 'Arial', 13, '#000000', 'Arial', 13, '#000000', 'Arial', NULL, '', 'DtData');

-- --------------------------------------------------------

--
-- Estrutura da tabela `news_zonas_editoria`
--

CREATE TABLE IF NOT EXISTS `news_zonas_editoria` (
  `InCdZona` int(11) NOT NULL,
  `InCdEditoria` int(11) NOT NULL,
  PRIMARY KEY (`InCdZona`,`InCdEditoria`),
  KEY `FK_news_zonas_editoria_2` (`InCdEditoria`)
) ENGINE=InnoDB DEFAULT CHARSET=latin1;

--
-- Extraindo dados da tabela `news_zonas_editoria`
--

INSERT INTO `news_zonas_editoria` (`InCdZona`, `InCdEditoria`) VALUES
(1, 1);

-- --------------------------------------------------------

--
-- Estrutura da tabela `news_zonas_secao`
--

CREATE TABLE IF NOT EXISTS `news_zonas_secao` (
  `InCdZona` int(11) NOT NULL,
  `InCdSecao` int(11) NOT NULL,
  PRIMARY KEY (`InCdZona`,`InCdSecao`),
  KEY `FK_news_zonas_secao_2` (`InCdSecao`)
) ENGINE=InnoDB DEFAULT CHARSET=latin1;

-- --------------------------------------------------------

--
-- Estrutura da tabela `news_zonas_subsecao`
--

CREATE TABLE IF NOT EXISTS `news_zonas_subsecao` (
  `InCdZona` int(11) NOT NULL,
  `InCdSubSecao` int(11) NOT NULL,
  PRIMARY KEY (`InCdZona`,`InCdSubSecao`),
  KEY `FK_news_zonas_subsecao_1` (`InCdSubSecao`)
) ENGINE=InnoDB DEFAULT CHARSET=latin1;

-- --------------------------------------------------------

--
-- Estrutura da tabela `perfil`
--

CREATE TABLE IF NOT EXISTS `perfil` (
  `InCdPerfil` int(11) NOT NULL,
  `TxDescricao` varchar(50) DEFAULT NULL,
  PRIMARY KEY (`InCdPerfil`)
) ENGINE=InnoDB DEFAULT CHARSET=latin1 ROW_FORMAT=REDUNDANT;

--
-- Extraindo dados da tabela `perfil`
--

INSERT INTO `perfil` (`InCdPerfil`, `TxDescricao`) VALUES
(1, 'Administrador'),
(2, 'Editor');

-- --------------------------------------------------------

--
-- Estrutura da tabela `perfil_menu_item`
--

CREATE TABLE IF NOT EXISTS `perfil_menu_item` (
  `InCdPerfil` int(11) NOT NULL,
  `InCdMenuItem` int(11) NOT NULL,
  PRIMARY KEY (`InCdPerfil`,`InCdMenuItem`),
  KEY `InCdMenuItem` (`InCdMenuItem`)
) ENGINE=InnoDB DEFAULT CHARSET=latin1 ROW_FORMAT=REDUNDANT;

--
-- Extraindo dados da tabela `perfil_menu_item`
--

INSERT INTO `perfil_menu_item` (`InCdPerfil`, `InCdMenuItem`) VALUES
(1, 1),
(1, 2),
(2, 2),
(1, 3),
(1, 4),
(1, 5),
(1, 8),
(1, 12),
(2, 12),
(1, 13),
(1, 14),
(1, 15),
(1, 16),
(1, 17),
(1, 20),
(1, 21),
(1, 22),
(1, 29),
(1, 36),
(1, 37),
(2, 37);

-- --------------------------------------------------------

--
-- Estrutura da tabela `sbanners`
--

CREATE TABLE IF NOT EXISTS `sbanners` (
  `BannerToShow` int(10) DEFAULT NULL,
  `IdHorario` int(10) DEFAULT NULL,
  `IdZona` int(10) DEFAULT NULL,
  KEY `IdHorario` (`IdHorario`),
  KEY `IdZona` (`IdZona`)
) ENGINE=InnoDB DEFAULT CHARSET=latin1;

-- --------------------------------------------------------

--
-- Estrutura da tabela `site_arquivo`
--

CREATE TABLE IF NOT EXISTS `site_arquivo` (
  `InCdArquivo` int(11) NOT NULL AUTO_INCREMENT,
  `TxDescricao` varchar(250) CHARACTER SET latin1 DEFAULT NULL,
  `TxArquivo` varchar(250) CHARACTER SET latin1 DEFAULT NULL,
  `DtCriacao` datetime NOT NULL,
  `DtAtualizacao` datetime NOT NULL,
  `InTamanho` decimal(7,2) DEFAULT NULL,
  `InCdCategoria` int(11) DEFAULT NULL,
  PRIMARY KEY (`InCdArquivo`),
  KEY `FK_site_arquivo_1` (`InCdCategoria`)
) ENGINE=InnoDB DEFAULT CHARSET=latin1 COLLATE=latin1_general_ci PACK_KEYS=0 AUTO_INCREMENT=1 ;

-- --------------------------------------------------------

--
-- Estrutura da tabela `site_arquivo_categoria`
--

CREATE TABLE IF NOT EXISTS `site_arquivo_categoria` (
  `InCdCategoria` int(11) NOT NULL AUTO_INCREMENT,
  `TxDescricao` varchar(50) COLLATE latin1_general_ci NOT NULL,
  `InCdIdioma` int(11) NOT NULL,
  PRIMARY KEY (`InCdCategoria`),
  KEY `FK_site_arquivo_categoria_1` (`InCdIdioma`)
) ENGINE=InnoDB DEFAULT CHARSET=latin1 COLLATE=latin1_general_ci AUTO_INCREMENT=1 ;

-- --------------------------------------------------------

--
-- Estrutura da tabela `site_arquivo_usuario`
--

CREATE TABLE IF NOT EXISTS `site_arquivo_usuario` (
  `InCdArquivo` int(11) NOT NULL,
  `InCdUsuario` int(11) NOT NULL,
  PRIMARY KEY (`InCdArquivo`,`InCdUsuario`),
  KEY `FK_site_a` (`InCdUsuario`)
) ENGINE=InnoDB DEFAULT CHARSET=latin1 COLLATE=latin1_general_ci;

-- --------------------------------------------------------

--
-- Estrutura da tabela `site_config`
--

CREATE TABLE IF NOT EXISTS `site_config` (
  `InCdIdioma` int(11) NOT NULL DEFAULT '0',
  `W_TABELA_GERAL_1` varchar(50) DEFAULT NULL,
  `W_TABELA_GERAL_2` varchar(50) DEFAULT NULL,
  `B_COR` varchar(50) DEFAULT NULL,
  `B_TAMANHO` varchar(50) DEFAULT '0',
  `B_ESTILO` varchar(50) DEFAULT NULL,
  `Q0_IMAGEMFUNDO` varchar(50) DEFAULT NULL,
  `Q0_IMAGEMFUNDO_REPETIR` tinyint(4) DEFAULT NULL,
  `Q1_CORFUNDO` varchar(50) DEFAULT NULL,
  `Q1_IMAGEMFUNDO` varchar(50) DEFAULT NULL,
  `Q1_ALTURA_1` varchar(50) DEFAULT NULL,
  `Q1_ALTURA_2` varchar(50) DEFAULT NULL,
  `Q2_CORFUNDO` varchar(50) DEFAULT NULL,
  `Q2_IMAGEMFUNDO` varchar(50) DEFAULT NULL,
  `Q2_FUNDOEFEITO` varchar(50) DEFAULT NULL,
  `Q2_CORFONTE` varchar(50) DEFAULT NULL,
  `Q2_FONTFAMILY` varchar(50) DEFAULT NULL,
  `Q2_FONTSIZE` varchar(50) DEFAULT NULL,
  `Q3_ALTURA_SECAO` int(11) DEFAULT NULL,
  `Q3_CORFUNDO` varchar(50) DEFAULT NULL,
  `Q3_LINK_COR` varchar(50) DEFAULT NULL,
  `Q3_LINK_DECOR` varchar(50) DEFAULT NULL,
  `Q3_LINKVISITED_COR` varchar(50) DEFAULT NULL,
  `Q3_LINKVISITED_DECOR` varchar(50) DEFAULT NULL,
  `Q3_LINKHOVER_COR` varchar(50) DEFAULT NULL,
  `Q3_LINKHOVER_DECOR` varchar(50) DEFAULT NULL,
  `Q3_FUNDOMENUSECAO` varchar(50) DEFAULT NULL,
  `Q3_FUNDOMENUSUBSECAO` varchar(50) DEFAULT NULL,
  `Q3_FONTEMENUSECAO_COR` varchar(50) DEFAULT NULL,
  `Q3_FONTEMENUSUBSECAO_COR` varchar(50) DEFAULT NULL,
  `Q4_CORFONTE` varchar(50) DEFAULT NULL,
  `Q4_FONTFAMILY` varchar(50) DEFAULT NULL,
  `Q4_FONTSIZE` varchar(50) DEFAULT NULL,
  `Q4_LINK_COR` varchar(50) DEFAULT NULL,
  `Q4_LINK_DECOR` varchar(50) DEFAULT NULL,
  `Q4_LINKVISITED_COR` varchar(50) DEFAULT NULL,
  `Q4_LINKVISITED_DECOR` varchar(50) DEFAULT NULL,
  `Q4_LINKHOVER_COR` varchar(50) DEFAULT NULL,
  `Q4_LINKHOVER_DECOR` varchar(50) DEFAULT NULL,
  `Q2_ALTURA_1` varchar(50) DEFAULT NULL,
  `Q2_ALTURA_2` varchar(50) DEFAULT NULL,
  `Q3_FONTFAMILY` varchar(50) DEFAULT NULL,
  `Q3_FONTSIZE` varchar(50) DEFAULT NULL,
  `Q3_FONTSIZE_2` varchar(50) DEFAULT NULL,
  `Q5_CORFUNDO` varchar(50) DEFAULT NULL,
  `Q5_IMAGEMFUNDO` varchar(50) DEFAULT NULL,
  `Q5_CORFONTE` varchar(50) DEFAULT NULL,
  `Q5_FONTFAMILY` varchar(50) DEFAULT NULL,
  `Q5_FONTSIZE` varchar(50) DEFAULT NULL,
  `Q6_CORFUNDO` varchar(50) DEFAULT NULL,
  `Q6_CORFONTE` varchar(50) DEFAULT NULL,
  `Q6_FONTFAMILY` varchar(50) DEFAULT NULL,
  `Q6_FONTSIZE` varchar(50) DEFAULT NULL,
  `Q6_ALTURA_1` varchar(50) DEFAULT NULL,
  `Q6_ALTURA_2` varchar(50) DEFAULT NULL,
  `Q6_NOME` varchar(50) DEFAULT NULL,
  `Q6_EMAIL` varchar(50) DEFAULT NULL,
  `Q5_ALTURA_1` varchar(50) DEFAULT NULL,
  `Q5_ALTURA_2` varchar(50) DEFAULT NULL,
  `Q0_METATAGS` longtext,
  `Q0_CORFUNDO` varchar(50) DEFAULT NULL,
  `Q3_LARGURA_1` varchar(50) DEFAULT NULL,
  `Q3_LARGURA_2` varchar(50) DEFAULT NULL,
  `Q3_IMAGEM_FUNDO` text,
  `Q6_IMAGEMFUNDO` text,
  `Q3_IMAGEMFUNDO` text,
  `Q2_CORFONTE2` varchar(50) DEFAULT NULL,
  `Q3_SUBSECAO_IMAGEMFUNDO` text,
  `Q3_SECAO_IMAGEMFUNDO` text,
  `Q3_FUNDODIVISORIASECAO` varchar(50) DEFAULT NULL,
  `Q3_BORDAMENUSUBSECAO_COR` varchar(50) DEFAULT NULL,
  `Q4_FLASH_IMAGEMFUNDO` varchar(200) DEFAULT NULL,
  `Q4_FLASH_W` varchar(10) DEFAULT NULL,
  `Q4_FLASH_H` varchar(10) DEFAULT NULL,
  `Q2_FUNDOEFEITO_2` varchar(10) DEFAULT NULL,
  `Q2_CORFONTE3` varchar(10) DEFAULT NULL,
  `Q2_NEGRITO_SUBSECAO` tinyint(4) DEFAULT NULL,
  `Q4_BARRA_IMAGEMFUNDO` varchar(100) DEFAULT NULL,
  `Q6_LOGOTIPO` varchar(100) DEFAULT NULL,
  `Q6_TEXTO_CENTRO` varchar(100) DEFAULT NULL,
  `Q6_TEXTO_DIREITA` varchar(100) DEFAULT NULL,
  PRIMARY KEY (`InCdIdioma`)
) ENGINE=InnoDB DEFAULT CHARSET=latin1 ROW_FORMAT=REDUNDANT;

--
-- Extraindo dados da tabela `site_config`
--

INSERT INTO `site_config` (`InCdIdioma`, `W_TABELA_GERAL_1`, `W_TABELA_GERAL_2`, `B_COR`, `B_TAMANHO`, `B_ESTILO`, `Q0_IMAGEMFUNDO`, `Q0_IMAGEMFUNDO_REPETIR`, `Q1_CORFUNDO`, `Q1_IMAGEMFUNDO`, `Q1_ALTURA_1`, `Q1_ALTURA_2`, `Q2_CORFUNDO`, `Q2_IMAGEMFUNDO`, `Q2_FUNDOEFEITO`, `Q2_CORFONTE`, `Q2_FONTFAMILY`, `Q2_FONTSIZE`, `Q3_ALTURA_SECAO`, `Q3_CORFUNDO`, `Q3_LINK_COR`, `Q3_LINK_DECOR`, `Q3_LINKVISITED_COR`, `Q3_LINKVISITED_DECOR`, `Q3_LINKHOVER_COR`, `Q3_LINKHOVER_DECOR`, `Q3_FUNDOMENUSECAO`, `Q3_FUNDOMENUSUBSECAO`, `Q3_FONTEMENUSECAO_COR`, `Q3_FONTEMENUSUBSECAO_COR`, `Q4_CORFONTE`, `Q4_FONTFAMILY`, `Q4_FONTSIZE`, `Q4_LINK_COR`, `Q4_LINK_DECOR`, `Q4_LINKVISITED_COR`, `Q4_LINKVISITED_DECOR`, `Q4_LINKHOVER_COR`, `Q4_LINKHOVER_DECOR`, `Q2_ALTURA_1`, `Q2_ALTURA_2`, `Q3_FONTFAMILY`, `Q3_FONTSIZE`, `Q3_FONTSIZE_2`, `Q5_CORFUNDO`, `Q5_IMAGEMFUNDO`, `Q5_CORFONTE`, `Q5_FONTFAMILY`, `Q5_FONTSIZE`, `Q6_CORFUNDO`, `Q6_CORFONTE`, `Q6_FONTFAMILY`, `Q6_FONTSIZE`, `Q6_ALTURA_1`, `Q6_ALTURA_2`, `Q6_NOME`, `Q6_EMAIL`, `Q5_ALTURA_1`, `Q5_ALTURA_2`, `Q0_METATAGS`, `Q0_CORFUNDO`, `Q3_LARGURA_1`, `Q3_LARGURA_2`, `Q3_IMAGEM_FUNDO`, `Q6_IMAGEMFUNDO`, `Q3_IMAGEMFUNDO`, `Q2_CORFONTE2`, `Q3_SUBSECAO_IMAGEMFUNDO`, `Q3_SECAO_IMAGEMFUNDO`, `Q3_FUNDODIVISORIASECAO`, `Q3_BORDAMENUSUBSECAO_COR`, `Q4_FLASH_IMAGEMFUNDO`, `Q4_FLASH_W`, `Q4_FLASH_H`, `Q2_FUNDOEFEITO_2`, `Q2_CORFONTE3`, `Q2_NEGRITO_SUBSECAO`, `Q4_BARRA_IMAGEMFUNDO`, `Q6_LOGOTIPO`, `Q6_TEXTO_CENTRO`, `Q6_TEXTO_DIREITA`) VALUES
(1, '778', 'px', '#CCCCCC', '1', 'solid', '', 0, '', 'upload/modelo5_top.jpg', '100', 'px', '#336699', 'upload/bg_menu.gif', '#E5E5E5', '#000000', 'Tahoma', '11', NULL, '#ffffff', '', 'none', '', 'none', '', 'none', '#ffff99', '#66cc99', '', '#000000', '#0066ff', 'Tahoma', '11', '', 'none', '', 'none', '', 'none', '36', 'px', 'Tahoma', '11', NULL, '#003366', NULL, '#ffffff', 'Tahoma', '11', '#ffffff', '#666666', 'Tahoma', '11', '50', 'px', 'Web Admin by Studio2', 'contato@webadmin.com.br', '60', 'px', '', '#666666', '150', 'px', NULL, NULL, NULL, '#ffffff', NULL, NULL, NULL, NULL, NULL, '', '', '#E5E5E5', '#000000', 0, 'upload/barra.gif', NULL, NULL, NULL);

-- --------------------------------------------------------

--
-- Estrutura da tabela `site_conteudo_especial`
--

CREATE TABLE IF NOT EXISTS `site_conteudo_especial` (
  `InCdConteudoEspecial` int(11) NOT NULL AUTO_INCREMENT,
  `TxConteudo` varchar(1000) DEFAULT NULL,
  `TxDescricao` varchar(50) DEFAULT NULL,
  PRIMARY KEY (`InCdConteudoEspecial`)
) ENGINE=InnoDB  DEFAULT CHARSET=latin1 ROW_FORMAT=REDUNDANT AUTO_INCREMENT=14 ;

--
-- Extraindo dados da tabela `site_conteudo_especial`
--

INSERT INTO `site_conteudo_especial` (`InCdConteudoEspecial`, `TxConteudo`, `TxDescricao`) VALUES
(1, NULL, 'P&aacute;gina inicial'),
(2, NULL, 'P&aacute;gina de contato'),
(3, NULL, 'P&aacute;gina de &aacute;lbuns de fotos'),
(4, NULL, 'P&aacute;gina de not&iacute;cias'),
(5, NULL, 'P&aacute;gina de mapa do site'),
(6, NULL, 'P&aacute;gina de busca'),
(10, NULL, 'P&aacute;gina de cadastro de empresas'),
(11, NULL, 'P&aacute;gina de download de arquivos'),
(12, NULL, 'P&aacute;gina de login'),
(13, NULL, 'P&aacute;gina de vídeos');

-- --------------------------------------------------------

--
-- Estrutura da tabela `site_hits`
--

CREATE TABLE IF NOT EXISTS `site_hits` (
  `InCdHit` int(11) NOT NULL AUTO_INCREMENT,
  `TxIP` varchar(15) DEFAULT NULL,
  `DtData` datetime DEFAULT NULL,
  `InCdSecao` int(11) DEFAULT NULL,
  `InCdSubSecao` int(11) DEFAULT NULL,
  PRIMARY KEY (`InCdHit`),
  KEY `InCdSecao` (`InCdSecao`)
) ENGINE=InnoDB DEFAULT CHARSET=latin1 ROW_FORMAT=REDUNDANT AUTO_INCREMENT=1 ;

-- --------------------------------------------------------

--
-- Estrutura da tabela `site_menu`
--

CREATE TABLE IF NOT EXISTS `site_menu` (
  `InCdMenu` int(11) NOT NULL DEFAULT '0',
  `TxDescricao` varchar(50) DEFAULT NULL,
  `BoAtivo` tinyint(1) DEFAULT NULL,
  PRIMARY KEY (`InCdMenu`)
) ENGINE=InnoDB DEFAULT CHARSET=latin1 ROW_FORMAT=REDUNDANT;

--
-- Extraindo dados da tabela `site_menu`
--

INSERT INTO `site_menu` (`InCdMenu`, `TxDescricao`, `BoAtivo`) VALUES
(1, 'Superior', 1),
(2, 'Lateral', 1),
(3, 'Rodapé', 1);

-- --------------------------------------------------------

--
-- Estrutura da tabela `site_secao`
--

CREATE TABLE IF NOT EXISTS `site_secao` (
  `InCdSecao` int(11) NOT NULL AUTO_INCREMENT,
  `TxConteudo` longtext,
  `TxDescricao` varchar(255) DEFAULT NULL,
  `TxMetaTag` longtext,
  `TxLink` text,
  `TxTarget` varchar(50) DEFAULT NULL,
  `InCdIdioma` int(11) DEFAULT NULL,
  `InCdConteudoEspecial` int(11) DEFAULT NULL,
  `TxAtributos` varchar(50) DEFAULT NULL,
  `BoRestrito` tinyint(4) DEFAULT '0',
  PRIMARY KEY (`InCdSecao`),
  KEY `InCdConteudoEspecial` (`InCdConteudoEspecial`),
  KEY `InCdIdioma` (`InCdIdioma`)
) ENGINE=InnoDB DEFAULT CHARSET=latin1 ROW_FORMAT=REDUNDANT AUTO_INCREMENT=1 ;

-- --------------------------------------------------------

--
-- Estrutura da tabela `site_secao_menu`
--

CREATE TABLE IF NOT EXISTS `site_secao_menu` (
  `InCdMenu` int(11) NOT NULL DEFAULT '0',
  `InCdSecao` int(11) NOT NULL DEFAULT '0',
  `InOrdem` int(11) DEFAULT NULL,
  PRIMARY KEY (`InCdMenu`,`InCdSecao`),
  KEY `InCdSecao` (`InCdSecao`)
) ENGINE=InnoDB DEFAULT CHARSET=latin1 ROW_FORMAT=REDUNDANT;

-- --------------------------------------------------------

--
-- Estrutura da tabela `site_subsecao`
--

CREATE TABLE IF NOT EXISTS `site_subsecao` (
  `InCdSubSecao` int(11) NOT NULL AUTO_INCREMENT,
  `InCdSecao` int(11) DEFAULT NULL,
  `TxConteudo` longtext,
  `TxDescricao` varchar(255) DEFAULT NULL,
  `TxMetaTag` longtext,
  `InOrdem` int(11) DEFAULT NULL,
  `TxLink` text,
  `BoAtivo` tinyint(4) DEFAULT NULL,
  PRIMARY KEY (`InCdSubSecao`),
  KEY `InCdSecao` (`InCdSecao`)
) ENGINE=InnoDB DEFAULT CHARSET=latin1 ROW_FORMAT=REDUNDANT AUTO_INCREMENT=1 ;

-- --------------------------------------------------------

--
-- Estrutura da tabela `video_categoria`
--

CREATE TABLE IF NOT EXISTS `video_categoria` (
  `InCdCategoria` int(11) NOT NULL AUTO_INCREMENT,
  `TxDescricao` varchar(255) COLLATE latin1_general_ci NOT NULL,
  `InCdIdioma` int(11) NOT NULL,
  PRIMARY KEY (`InCdCategoria`),
  KEY `FK_video_categoria_1` (`InCdIdioma`)
) ENGINE=InnoDB DEFAULT CHARSET=latin1 COLLATE=latin1_general_ci AUTO_INCREMENT=1 ;

-- --------------------------------------------------------

--
-- Estrutura da tabela `video_categoria_usuario`
--

CREATE TABLE IF NOT EXISTS `video_categoria_usuario` (
  `InCdCategoria` int(11) NOT NULL,
  `InCdUsuario` int(11) NOT NULL,
  PRIMARY KEY (`InCdCategoria`,`InCdUsuario`),
  KEY `FK_video_categoria_usuario_2` (`InCdUsuario`)
) ENGINE=InnoDB DEFAULT CHARSET=latin1;

-- --------------------------------------------------------

--
-- Estrutura da tabela `zonas`
--

CREATE TABLE IF NOT EXISTS `zonas` (
  `id` int(10) NOT NULL AUTO_INCREMENT,
  `Nome` varchar(50) DEFAULT NULL,
  PRIMARY KEY (`id`),
  KEY `id` (`id`)
) ENGINE=InnoDB DEFAULT CHARSET=latin1 AUTO_INCREMENT=1 ;

--
-- Restrições para as tabelas dumpadas
--

--
-- Restrições para a tabela `bairro`
--
ALTER TABLE `bairro`
  ADD CONSTRAINT `FK_bairro_1` FOREIGN KEY (`InCdCidade`) REFERENCES `cidade` (`InCdCidade`) ON DELETE CASCADE ON UPDATE CASCADE;

--
-- Restrições para a tabela `blog`
--
ALTER TABLE `blog`
  ADD CONSTRAINT `FK_blog_1` FOREIGN KEY (`InCdIdioma`) REFERENCES `idioma` (`InCdIdioma`) ON DELETE SET NULL ON UPDATE SET NULL;

--
-- Restrições para a tabela `blog_categoria`
--
ALTER TABLE `blog_categoria`
  ADD CONSTRAINT `FK_news_blog_categoria_1` FOREIGN KEY (`InCdBlog`) REFERENCES `blog` (`InCdBlog`) ON DELETE CASCADE ON UPDATE CASCADE,
  ADD CONSTRAINT `FK_news_blog_categoria_2` FOREIGN KEY (`InCdCategoria`) REFERENCES `news_galeria_foto_categoria` (`InCdCategoria`) ON DELETE CASCADE ON UPDATE CASCADE;

--
-- Restrições para a tabela `blog_editoria`
--
ALTER TABLE `blog_editoria`
  ADD CONSTRAINT `FK_news_blog_editoria_1` FOREIGN KEY (`InCdEditoria`) REFERENCES `news_editorias` (`InCdEditoria`) ON DELETE CASCADE ON UPDATE CASCADE,
  ADD CONSTRAINT `FK_news_blog_editoria_2` FOREIGN KEY (`InCdBlog`) REFERENCES `blog` (`InCdBlog`) ON DELETE CASCADE ON UPDATE CASCADE;

--
-- Restrições para a tabela `catalogo_empresa`
--
ALTER TABLE `catalogo_empresa`
  ADD CONSTRAINT `FK_catalogo_empresa_1` FOREIGN KEY (`InCdBairro`) REFERENCES `bairro` (`InCdBairro`);

--
-- Restrições para a tabela `catalogo_empresa_categoria`
--
ALTER TABLE `catalogo_empresa_categoria`
  ADD CONSTRAINT `FK_catalogo_empresa_categoria_1` FOREIGN KEY (`InCdEmpresa`) REFERENCES `catalogo_empresa` (`InCdEmpresa`) ON DELETE CASCADE ON UPDATE CASCADE,
  ADD CONSTRAINT `FK_catalogo_empresa_categoria_2` FOREIGN KEY (`InCdCategoria`) REFERENCES `catalogo_categoria` (`InCdCategoria`) ON DELETE CASCADE ON UPDATE CASCADE;

--
-- Restrições para a tabela `catalogo_produto_categoria`
--
ALTER TABLE `catalogo_produto_categoria`
  ADD CONSTRAINT `FK_catalogo_produto_categoria_1` FOREIGN KEY (`InCdProduto`) REFERENCES `catalogo_produto` (`InCdProduto`) ON DELETE CASCADE ON UPDATE CASCADE,
  ADD CONSTRAINT `FK_catalogo_produto_categoria_2` FOREIGN KEY (`InCdCategoria`) REFERENCES `catalogo_categoria` (`InCdCategoria`) ON DELETE CASCADE ON UPDATE CASCADE;

--
-- Restrições para a tabela `catalogo_produto_foto`
--
ALTER TABLE `catalogo_produto_foto`
  ADD CONSTRAINT `catalogo_produto_foto_ibfk_1` FOREIGN KEY (`InCdProduto`) REFERENCES `catalogo_produto` (`InCdProduto`);

--
-- Restrições para a tabela `catalogo_zonas`
--
ALTER TABLE `catalogo_zonas`
  ADD CONSTRAINT `FK_catalogo_zonas_1` FOREIGN KEY (`InCdIdioma`) REFERENCES `idioma` (`InCdIdioma`);

--
-- Restrições para a tabela `catalogo_zonas_categoria`
--
ALTER TABLE `catalogo_zonas_categoria`
  ADD CONSTRAINT `FK_catalogo_zonas_InCdCategoria_2` FOREIGN KEY (`InCdZona`) REFERENCES `catalogo_zonas` (`InCdZona`) ON DELETE CASCADE ON UPDATE CASCADE,
  ADD CONSTRAINT `FK_catalogo_zonas_InCdCategoria_3` FOREIGN KEY (`InCdCategoria`) REFERENCES `catalogo_categoria` (`InCdCategoria`) ON DELETE CASCADE ON UPDATE CASCADE;

--
-- Restrições para a tabela `catalogo_zonas_secao`
--
ALTER TABLE `catalogo_zonas_secao`
  ADD CONSTRAINT `FK_catalogo_zonas_secao_2` FOREIGN KEY (`InCdZona`) REFERENCES `catalogo_zonas` (`InCdZona`) ON DELETE CASCADE ON UPDATE CASCADE,
  ADD CONSTRAINT `FK_catalogo_zonas_secao_3` FOREIGN KEY (`InCdSecao`) REFERENCES `site_secao` (`InCdSecao`) ON DELETE CASCADE ON UPDATE CASCADE;

--
-- Restrições para a tabela `catalogo_zonas_subsecao`
--
ALTER TABLE `catalogo_zonas_subsecao`
  ADD CONSTRAINT `FK_catalogo_zonas_subsecao_2` FOREIGN KEY (`InCdSubSecao`) REFERENCES `site_subsecao` (`InCdSubSecao`) ON DELETE CASCADE ON UPDATE CASCADE,
  ADD CONSTRAINT `FK_catalogo_zonas_subsecao_3` FOREIGN KEY (`InCdZona`) REFERENCES `catalogo_zonas` (`InCdZona`) ON DELETE CASCADE ON UPDATE CASCADE;

--
-- Restrições para a tabela `cidade`
--
ALTER TABLE `cidade`
  ADD CONSTRAINT `FK_cidade_1` FOREIGN KEY (`InCdEstado`) REFERENCES `estados` (`InCdEstado`) ON DELETE CASCADE ON UPDATE CASCADE;

--
-- Restrições para a tabela `config`
--
ALTER TABLE `config`
  ADD CONSTRAINT `config_ibfk_1` FOREIGN KEY (`InCdIdioma`) REFERENCES `idioma` (`InCdIdioma`);

--
-- Restrições para a tabela `config_editorias`
--
ALTER TABLE `config_editorias`
  ADD CONSTRAINT `config_editorias_ibfk_1` FOREIGN KEY (`InCdEditoria`) REFERENCES `news_editorias` (`InCdEditoria`) ON DELETE CASCADE,
  ADD CONSTRAINT `config_editorias_ibfk_2` FOREIGN KEY (`InCdIdioma`) REFERENCES `idioma` (`InCdIdioma`) ON DELETE CASCADE;

--
-- Restrições para a tabela `config_news_editorias`
--
ALTER TABLE `config_news_editorias`
  ADD CONSTRAINT `config_news_editorias_ibfk_1` FOREIGN KEY (`InCdEditoria`) REFERENCES `news_editorias` (`InCdEditoria`) ON DELETE CASCADE;

--
-- Restrições para a tabela `log_menu_item`
--
ALTER TABLE `log_menu_item`
  ADD CONSTRAINT `FK_log_menu_item_1 ` FOREIGN KEY (`InCdMenuItem`) REFERENCES `menu_item` (`InCdMenuItem`) ON DELETE CASCADE ON UPDATE CASCADE;

--
-- Restrições para a tabela `menu_item`
--
ALTER TABLE `menu_item`
  ADD CONSTRAINT `menu_item_ibfk_1` FOREIGN KEY (`InCdMenuGrupo`) REFERENCES `menu_grupo` (`InCdMenuGrupo`) ON DELETE CASCADE;

--
-- Restrições para a tabela `news_camposnews`
--
ALTER TABLE `news_camposnews`
  ADD CONSTRAINT `news_camposnews_ibfk_1` FOREIGN KEY (`InCdNewsletter`) REFERENCES `news_enviadas` (`InCdNewsletter`) ON DELETE CASCADE ON UPDATE CASCADE;

--
-- Restrições para a tabela `news_clicks`
--
ALTER TABLE `news_clicks`
  ADD CONSTRAINT `news_clicks_ibfk_1` FOREIGN KEY (`InCdNewsletter`) REFERENCES `news_enviadas` (`InCdNewsletter`) ON DELETE CASCADE ON UPDATE CASCADE;

--
-- Restrições para a tabela `news_comentarios`
--
ALTER TABLE `news_comentarios`
  ADD CONSTRAINT `FK_news_comentarios_1` FOREIGN KEY (`InCdMateria`) REFERENCES `news_materias` (`InCdMateria`) ON DELETE CASCADE ON UPDATE CASCADE,
  ADD CONSTRAINT `FK_news_comentarios_2` FOREIGN KEY (`InCdVideo`) REFERENCES `video` (`InCdVideo`);

--
-- Restrições para a tabela `news_editorias`
--
ALTER TABLE `news_editorias`
  ADD CONSTRAINT `news_editorias_ibfk_1` FOREIGN KEY (`InCdIdioma`) REFERENCES `idioma` (`InCdIdioma`);

--
-- Restrições para a tabela `news_editorias_usuario`
--
ALTER TABLE `news_editorias_usuario`
  ADD CONSTRAINT `FK_New Table_1` FOREIGN KEY (`InCdUsuario`) REFERENCES `site_autorizados` (`InCdUsuario`) ON DELETE CASCADE ON UPDATE CASCADE,
  ADD CONSTRAINT `FK_New Table_2` FOREIGN KEY (`InCdEditoria`) REFERENCES `news_editorias` (`InCdEditoria`) ON DELETE CASCADE ON UPDATE CASCADE;

--
-- Restrições para a tabela `news_galeria_foto`
--
ALTER TABLE `news_galeria_foto`
  ADD CONSTRAINT `news_galeria_foto_ibfk_1` FOREIGN KEY (`InCdAlbum`) REFERENCES `news_galeria_foto_album` (`InCdAlbum`) ON DELETE CASCADE ON UPDATE CASCADE;

--
-- Restrições para a tabela `news_galeria_foto_album`
--
ALTER TABLE `news_galeria_foto_album`
  ADD CONSTRAINT `FK_news_galeria_foto_album_2` FOREIGN KEY (`InCdUsuario`) REFERENCES `site_autorizados` (`InCdUsuario`) ON DELETE CASCADE ON UPDATE CASCADE,
  ADD CONSTRAINT `news_galeria_foto_album_ibfk_1` FOREIGN KEY (`InCdCategoria`) REFERENCES `news_galeria_foto_categoria` (`InCdCategoria`) ON DELETE CASCADE ON UPDATE CASCADE;

--
-- Restrições para a tabela `news_galeria_foto_categoria`
--
ALTER TABLE `news_galeria_foto_categoria`
  ADD CONSTRAINT `news_galeria_foto_cat_ibfk_1` FOREIGN KEY (`InCdIdioma`) REFERENCES `idioma` (`InCdIdioma`);

--
-- Restrições para a tabela `news_galeria_foto_categoria_usuario`
--
ALTER TABLE `news_galeria_foto_categoria_usuario`
  ADD CONSTRAINT `FK_news_galeria_foto_categoria_usuario_1` FOREIGN KEY (`InCdCategoria`) REFERENCES `news_galeria_foto_categoria` (`InCdCategoria`) ON DELETE CASCADE ON UPDATE CASCADE,
  ADD CONSTRAINT `FK_news_galeria_foto_categoria_usuario_2` FOREIGN KEY (`InCdUsuario`) REFERENCES `site_autorizados` (`InCdUsuario`) ON DELETE CASCADE ON UPDATE CASCADE;

--
-- Restrições para a tabela `news_materias`
--
ALTER TABLE `news_materias`
  ADD CONSTRAINT `FK_news_materias_3` FOREIGN KEY (`InCdUsuario`) REFERENCES `site_autorizados` (`InCdUsuario`),
  ADD CONSTRAINT `news_materias_ibfk_1` FOREIGN KEY (`InCdEditoria`) REFERENCES `news_editorias` (`InCdEditoria`),
  ADD CONSTRAINT `news_materias_ibfk_2` FOREIGN KEY (`InCdEditoria`) REFERENCES `news_editorias` (`InCdEditoria`);

--
-- Restrições para a tabela `news_materiasnews`
--
ALTER TABLE `news_materiasnews`
  ADD CONSTRAINT `news_materiasnews_ibfk_1` FOREIGN KEY (`InCdMateria`) REFERENCES `news_materias` (`InCdMateria`) ON DELETE CASCADE ON UPDATE CASCADE,
  ADD CONSTRAINT `news_materiasnews_ibfk_2` FOREIGN KEY (`InCdNewsletter`) REFERENCES `news_enviadas` (`InCdNewsletter`) ON DELETE CASCADE ON UPDATE CASCADE;

--
-- Restrições para a tabela `news_materias_foto`
--
ALTER TABLE `news_materias_foto`
  ADD CONSTRAINT `news_materias_foto_ibfk_1` FOREIGN KEY (`InCdMateria`) REFERENCES `news_materias` (`InCdMateria`) ON DELETE CASCADE ON UPDATE CASCADE;

--
-- Restrições para a tabela `news_materias_midia`
--
ALTER TABLE `news_materias_midia`
  ADD CONSTRAINT `news_materias_midia_ibfk_1` FOREIGN KEY (`InCdMateria`) REFERENCES `news_materias` (`InCdMateria`) ON DELETE CASCADE ON UPDATE CASCADE,
  ADD CONSTRAINT `news_materias_midia_ibfk_2` FOREIGN KEY (`InCdTipoMidia`) REFERENCES `news_materias_tipomidia` (`InCdTipoMidia`) ON DELETE CASCADE ON UPDATE CASCADE;

--
-- Restrições para a tabela `news_perfisnews`
--
ALTER TABLE `news_perfisnews`
  ADD CONSTRAINT `news_perfisnews_ibfk_1` FOREIGN KEY (`InCdPerfil`) REFERENCES `news_perfis` (`InCdPerfil`) ON DELETE CASCADE ON UPDATE CASCADE,
  ADD CONSTRAINT `news_perfisnews_ibfk_2` FOREIGN KEY (`InCdNewsletter`) REFERENCES `news_enviadas` (`InCdNewsletter`) ON DELETE CASCADE ON UPDATE CASCADE;

--
-- Restrições para a tabela `news_perfis_grupo`
--
ALTER TABLE `news_perfis_grupo`
  ADD CONSTRAINT `news_perfis_grupo_ibfk_1` FOREIGN KEY (`InCdMenuGrupo`) REFERENCES `menu_grupo` (`InCdMenuGrupo`),
  ADD CONSTRAINT `news_perfis_grupo_ibfk_2` FOREIGN KEY (`InCdPerfil`) REFERENCES `news_perfis` (`InCdPerfil`);

--
-- Restrições para a tabela `news_usuariosnews`
--
ALTER TABLE `news_usuariosnews`
  ADD CONSTRAINT `news_usuariosnews_ibfk_1` FOREIGN KEY (`InCdUsuario`) REFERENCES `news_usuarios` (`InCdUsuario`) ON DELETE CASCADE ON UPDATE CASCADE,
  ADD CONSTRAINT `news_usuariosnews_ibfk_2` FOREIGN KEY (`InCdNewsletter`) REFERENCES `news_enviadas` (`InCdNewsletter`) ON DELETE CASCADE ON UPDATE CASCADE;

--
-- Restrições para a tabela `news_zonas`
--
ALTER TABLE `news_zonas`
  ADD CONSTRAINT `FK_news_zonas_1` FOREIGN KEY (`InCdIdioma`) REFERENCES `idioma` (`InCdIdioma`);

--
-- Restrições para a tabela `news_zonas_editoria`
--
ALTER TABLE `news_zonas_editoria`
  ADD CONSTRAINT `FK_news_zonas_editoria_1` FOREIGN KEY (`InCdZona`) REFERENCES `news_zonas` (`InCdZona`) ON DELETE CASCADE ON UPDATE CASCADE,
  ADD CONSTRAINT `FK_news_zonas_editoria_2` FOREIGN KEY (`InCdEditoria`) REFERENCES `news_editorias` (`InCdEditoria`) ON DELETE CASCADE ON UPDATE CASCADE;

--
-- Restrições para a tabela `news_zonas_secao`
--
ALTER TABLE `news_zonas_secao`
  ADD CONSTRAINT `FK_news_zonas_secao_1` FOREIGN KEY (`InCdZona`) REFERENCES `news_zonas` (`InCdZona`) ON DELETE CASCADE ON UPDATE CASCADE,
  ADD CONSTRAINT `FK_news_zonas_secao_2` FOREIGN KEY (`InCdSecao`) REFERENCES `site_secao` (`InCdSecao`) ON DELETE CASCADE ON UPDATE CASCADE;

--
-- Restrições para a tabela `news_zonas_subsecao`
--
ALTER TABLE `news_zonas_subsecao`
  ADD CONSTRAINT `FK_news_zonas_subsecao_1` FOREIGN KEY (`InCdSubSecao`) REFERENCES `site_subsecao` (`InCdSubSecao`) ON DELETE CASCADE ON UPDATE CASCADE,
  ADD CONSTRAINT `FK_news_zonas_subsecao_2` FOREIGN KEY (`InCdZona`) REFERENCES `news_zonas` (`InCdZona`) ON DELETE CASCADE ON UPDATE CASCADE;

--
-- Restrições para a tabela `perfil_menu_item`
--
ALTER TABLE `perfil_menu_item`
  ADD CONSTRAINT `perfil_menu_item_ibfk_1` FOREIGN KEY (`InCdMenuItem`) REFERENCES `menu_item` (`InCdMenuItem`) ON DELETE CASCADE,
  ADD CONSTRAINT `perfil_menu_item_ibfk_2` FOREIGN KEY (`InCdPerfil`) REFERENCES `perfil` (`InCdPerfil`) ON DELETE CASCADE;

--
-- Restrições para a tabela `site_arquivo`
--
ALTER TABLE `site_arquivo`
  ADD CONSTRAINT `FK_site_arquivo_1` FOREIGN KEY (`InCdCategoria`) REFERENCES `site_arquivo_categoria` (`InCdCategoria`);

--
-- Restrições para a tabela `site_arquivo_categoria`
--
ALTER TABLE `site_arquivo_categoria`
  ADD CONSTRAINT `FK_site_arquivo_categoria_1` FOREIGN KEY (`InCdIdioma`) REFERENCES `idioma` (`InCdIdioma`);

--
-- Restrições para a tabela `site_arquivo_usuario`
--
ALTER TABLE `site_arquivo_usuario`
  ADD CONSTRAINT `FK_site_arquivo_usuario_1` FOREIGN KEY (`InCdArquivo`) REFERENCES `site_arquivo` (`InCdArquivo`);

--
-- Restrições para a tabela `site_config`
--
ALTER TABLE `site_config`
  ADD CONSTRAINT `site_config_ibfk_1` FOREIGN KEY (`InCdIdioma`) REFERENCES `idioma` (`InCdIdioma`) ON DELETE CASCADE;

--
-- Restrições para a tabela `site_secao`
--
ALTER TABLE `site_secao`
  ADD CONSTRAINT `site_secao_ibfk_1` FOREIGN KEY (`InCdIdioma`) REFERENCES `idioma` (`InCdIdioma`),
  ADD CONSTRAINT `site_secao_ibfk_2` FOREIGN KEY (`InCdConteudoEspecial`) REFERENCES `site_conteudo_especial` (`InCdConteudoEspecial`);

--
-- Restrições para a tabela `site_secao_menu`
--
ALTER TABLE `site_secao_menu`
  ADD CONSTRAINT `site_secao_menu_ibfk_1` FOREIGN KEY (`InCdSecao`) REFERENCES `site_secao` (`InCdSecao`),
  ADD CONSTRAINT `site_secao_menu_ibfk_2` FOREIGN KEY (`InCdMenu`) REFERENCES `site_menu` (`InCdMenu`);

--
-- Restrições para a tabela `site_subsecao`
--
ALTER TABLE `site_subsecao`
  ADD CONSTRAINT `site_subsecao_ibfk_1` FOREIGN KEY (`InCdSecao`) REFERENCES `site_secao` (`InCdSecao`);

--
-- Restrições para a tabela `video_categoria`
--
ALTER TABLE `video_categoria`
  ADD CONSTRAINT `FK_video_categoria_1` FOREIGN KEY (`InCdIdioma`) REFERENCES `idioma` (`InCdIdioma`);

--
-- Restrições para a tabela `video_categoria_usuario`
--
ALTER TABLE `video_categoria_usuario`
  ADD CONSTRAINT `FK_video_categoria_usuario_1` FOREIGN KEY (`InCdCategoria`) REFERENCES `video_categoria` (`InCdCategoria`) ON DELETE CASCADE ON UPDATE CASCADE,
  ADD CONSTRAINT `FK_video_categoria_usuario_2` FOREIGN KEY (`InCdUsuario`) REFERENCES `site_autorizados` (`InCdUsuario`) ON DELETE CASCADE ON UPDATE CASCADE;

